CRAN Package Check Results for Package shinyCohortBuilder

Last updated on 2024-04-22 23:10:04 CEST.

Flavor Version Tinstall Tcheck Ttotal Status Flags
r-devel-linux-x86_64-debian-clang 0.2.1 9.49 76.57 86.06 NOTE
r-devel-linux-x86_64-debian-gcc 0.2.1 5.59 56.16 61.75 NOTE
r-devel-linux-x86_64-fedora-clang 0.2.1 114.58 NOTE
r-devel-linux-x86_64-fedora-gcc 0.2.1 119.15 NOTE
r-prerel-macos-arm64 0.2.1 43.00 NOTE
r-prerel-windows-x86_64 0.2.1 10.00 79.00 89.00 NOTE
r-patched-linux-x86_64 0.2.1 14.27 70.16 84.43 NOTE
r-release-linux-x86_64 0.2.1 5.02 68.80 73.82 OK
r-release-macos-arm64 0.2.1 45.00 OK
r-release-macos-x86_64 0.2.1 88.00 OK
r-release-windows-x86_64 0.2.1 10.00 90.00 100.00 OK
r-oldrel-macos-arm64 0.2.1 37.00 OK
r-oldrel-windows-x86_64 0.2.1 11.00 91.00 102.00 OK

Check Details

Version: 0.2.1
Check: Rd files
Result: NOTE checkRd: (-1) gui-filter-layer.Rd:40: Lost braces in \itemize; meant \describe ? checkRd: (-1) gui-filter-layer.Rd:41: Lost braces in \itemize; meant \describe ? checkRd: (-1) gui-filter-layer.Rd:42: Lost braces in \itemize; meant \describe ? checkRd: (-1) gui-filter-layer.Rd:43: Lost braces in \itemize; meant \describe ? checkRd: (-1) gui-filter-layer.Rd:44-45: Lost braces in \itemize; meant \describe ? checkRd: (-1) gui-filter-layer.Rd:46-49: Lost braces in \itemize; meant \describe ? checkRd: (-1) rendering-step-attrition.Rd:34: Lost braces in \itemize; meant \describe ? checkRd: (-1) rendering-step-attrition.Rd:35: Lost braces in \itemize; meant \describe ? checkRd: (-1) source-gui-layer.Rd:22: Lost braces in \itemize; meant \describe ? checkRd: (-1) source-gui-layer.Rd:23: Lost braces in \itemize; meant \describe ? checkRd: (-1) source-gui-layer.Rd:24: Lost braces in \itemize; meant \describe ? checkRd: (-1) source-gui-layer.Rd:25: Lost braces in \itemize; meant \describe ? checkRd: (-1) source-gui-layer.Rd:26: Lost braces in \itemize; meant \describe ? checkRd: (-1) source-gui-layer.Rd:27: Lost braces in \itemize; meant \describe ? checkRd: (-1) trigger-action.Rd:37: Lost braces in \itemize; meant \describe ? checkRd: (-1) trigger-action.Rd:38: Lost braces in \itemize; meant \describe ? checkRd: (-1) trigger-action.Rd:39: Lost braces in \itemize; meant \describe ? checkRd: (-1) trigger-action.Rd:40: Lost braces in \itemize; meant \describe ? checkRd: (-1) trigger-action.Rd:41: Lost braces in \itemize; meant \describe ? checkRd: (-1) trigger-action.Rd:42: Lost braces in \itemize; meant \describe ? checkRd: (-1) trigger-action.Rd:43: Lost braces in \itemize; meant \describe ? checkRd: (-1) trigger-action.Rd:44: Lost braces in \itemize; meant \describe ? checkRd: (-1) trigger-action.Rd:45: Lost braces in \itemize; meant \describe ? checkRd: (-1) trigger-action.Rd:46: Lost braces in \itemize; meant \describe ? checkRd: (-1) trigger-action.Rd:47: Lost braces in \itemize; meant \describe ? checkRd: (-1) trigger-action.Rd:48: Lost braces in \itemize; meant \describe ? Flavors: r-devel-linux-x86_64-debian-clang, r-devel-linux-x86_64-debian-gcc, r-devel-linux-x86_64-fedora-clang, r-devel-linux-x86_64-fedora-gcc, r-prerel-macos-arm64, r-prerel-windows-x86_64, r-patched-linux-x86_64