CRAN Package Check Results for Package shinyKGode

Last updated on 2020-01-17 22:51:06 CET.

Flavor Version Tinstall Tcheck Ttotal Status Flags
r-devel-linux-x86_64-debian-clang 1.0.5 2.10 18.20 20.30 OK
r-devel-linux-x86_64-debian-gcc 1.0.5 1.77 14.87 16.64 OK
r-devel-linux-x86_64-fedora-clang 1.0.5 27.02 NOTE
r-devel-linux-x86_64-fedora-gcc 1.0.5 26.09 NOTE
r-devel-windows-ix86+x86_64 1.0.5 12.00 45.00 57.00 OK
r-devel-windows-ix86+x86_64-gcc8 1.0.5 7.00 50.00 57.00 OK
r-patched-linux-x86_64 1.0.5 1.39 17.18 18.57 OK
r-patched-solaris-x86 1.0.5 38.00 NOTE
r-release-linux-x86_64 1.0.5 1.66 17.26 18.92 OK
r-release-windows-ix86+x86_64 1.0.5 8.00 33.00 41.00 OK
r-release-osx-x86_64 1.0.5 NOTE
r-oldrel-windows-ix86+x86_64 1.0.5 4.00 41.00 45.00 OK
r-oldrel-osx-x86_64 1.0.5 NOTE

Check Details

Version: 1.0.5
Check: dependencies in R code
Result: NOTE
    Namespaces in Imports field not imported from:
     ‘KGode’ ‘XML’ ‘ggplot2’ ‘gridExtra’ ‘mvtnorm’ ‘reshape2’ ‘shinyjs’
     All declared Imports should be used.
Flavors: r-devel-linux-x86_64-fedora-clang, r-devel-linux-x86_64-fedora-gcc, r-patched-solaris-x86, r-release-osx-x86_64, r-oldrel-osx-x86_64