CRAN Package Check Results for Package shinyKGode

Last updated on 2021-12-07 22:59:43 CET.

Flavor Version Tinstall Tcheck Ttotal Status Flags
r-devel-linux-x86_64-debian-clang 1.0.5 2.27 28.55 30.82 NOTE
r-devel-linux-x86_64-debian-gcc 1.0.5 1.58 22.89 24.47 NOTE
r-devel-linux-x86_64-fedora-clang 1.0.5 38.85 NOTE
r-devel-linux-x86_64-fedora-gcc 1.0.5 28.13 NOTE
r-devel-windows-x86_64-new-UL 1.0.5 7.00 57.00 64.00 NOTE
r-devel-windows-x86_64-new-TK 1.0.5 NOTE
r-devel-windows-x86_64-old 1.0.5 5.00 28.00 33.00 NOTE
r-patched-linux-x86_64 1.0.5 2.17 27.66 29.83 NOTE
r-release-linux-x86_64 1.0.5 1.98 27.71 29.69 NOTE
r-release-macos-arm64 1.0.5 NOTE
r-release-macos-x86_64 1.0.5 NOTE
r-release-windows-ix86+x86_64 1.0.5 5.00 40.00 45.00 NOTE
r-oldrel-macos-x86_64 1.0.5 NOTE
r-oldrel-windows-ix86+x86_64 1.0.5 6.00 40.00 46.00 OK

Check Details

Version: 1.0.5
Check: LazyData
Result: NOTE
     'LazyData' is specified without a 'data' directory
Flavors: r-devel-linux-x86_64-debian-clang, r-devel-linux-x86_64-debian-gcc, r-devel-linux-x86_64-fedora-clang, r-devel-linux-x86_64-fedora-gcc, r-devel-windows-x86_64-new-UL, r-devel-windows-x86_64-new-TK, r-devel-windows-x86_64-old, r-patched-linux-x86_64, r-release-linux-x86_64, r-release-macos-arm64, r-release-macos-x86_64, r-release-windows-ix86+x86_64

Version: 1.0.5
Check: dependencies in R code
Result: NOTE
    Namespaces in Imports field not imported from:
     ‘KGode’ ‘XML’ ‘ggplot2’ ‘gridExtra’ ‘mvtnorm’ ‘reshape2’ ‘shinyjs’
     All declared Imports should be used.
Flavors: r-devel-linux-x86_64-fedora-clang, r-devel-linux-x86_64-fedora-gcc, r-devel-windows-x86_64-new-TK, r-release-macos-arm64, r-release-macos-x86_64, r-oldrel-macos-x86_64