CRAN Package Check Results for Package shinyMergely

Last updated on 2024-02-25 23:02:21 CET.

Flavor Version Tinstall Tcheck Ttotal Status Flags
r-devel-linux-x86_64-debian-clang 0.2.0 4.42 34.48 38.90 NOTE
r-devel-linux-x86_64-debian-gcc 0.2.0 3.34 27.03 30.37 NOTE
r-devel-linux-x86_64-fedora-clang 0.2.0 52.06 NOTE
r-devel-linux-x86_64-fedora-gcc 0.2.0 52.74 NOTE
r-devel-windows-x86_64 0.2.0 8.00 48.00 56.00 OK
r-patched-linux-x86_64 0.2.0 4.64 34.41 39.05 NOTE
r-release-linux-x86_64 0.2.0 4.43 34.88 39.31 NOTE
r-release-macos-arm64 0.2.0 23.00 OK
r-release-macos-x86_64 0.2.0 32.00 OK
r-release-windows-x86_64 0.2.0 11.00 50.00 61.00 OK
r-oldrel-macos-arm64 0.2.0 20.00 OK
r-oldrel-windows-x86_64 0.2.0 15.00 56.00 71.00 OK

Check Details

Version: 0.2.0
Check: package dependencies
Result: NOTE Package suggested but not available for checking: ‘uchardet’ Flavors: r-devel-linux-x86_64-debian-clang, r-devel-linux-x86_64-debian-gcc, r-devel-linux-x86_64-fedora-clang, r-devel-linux-x86_64-fedora-gcc, r-patched-linux-x86_64, r-release-linux-x86_64