CRAN Package Check Results for Package shinyShortcut

Last updated on 2024-05-20 23:00:45 CEST.

Flavor Version Tinstall Tcheck Ttotal Status Flags
r-devel-linux-x86_64-debian-clang 0.1.0 1.55 21.15 22.70 NOTE
r-devel-linux-x86_64-debian-gcc 0.1.0 1.62 17.12 18.74 NOTE
r-devel-linux-x86_64-fedora-clang 0.1.0 30.54 NOTE
r-devel-linux-x86_64-fedora-gcc 0.1.0 42.22 NOTE
r-devel-windows-x86_64 0.1.0 2.00 38.00 40.00 NOTE
r-patched-linux-x86_64 0.1.0 1.79 21.24 23.03 NOTE
r-release-linux-x86_64 0.1.0 1.78 20.77 22.55 NOTE
r-release-macos-arm64 0.1.0 20.00 NOTE
r-release-windows-x86_64 0.1.0 3.00 39.00 42.00 NOTE
r-oldrel-macos-arm64 0.1.0 26.00 NOTE
r-oldrel-macos-x86_64 0.1.0 37.00 NOTE
r-oldrel-windows-x86_64 0.1.0 2.00 42.00 44.00 NOTE

Check Details

Version: 0.1.0
Check: LazyData
Result: NOTE 'LazyData' is specified without a 'data' directory Flavors: r-devel-linux-x86_64-debian-clang, r-devel-linux-x86_64-debian-gcc, r-devel-linux-x86_64-fedora-clang, r-devel-linux-x86_64-fedora-gcc, r-devel-windows-x86_64, r-patched-linux-x86_64, r-release-linux-x86_64, r-release-macos-arm64, r-release-windows-x86_64, r-oldrel-macos-arm64, r-oldrel-macos-x86_64, r-oldrel-windows-x86_64

Version: 0.1.0
Check: for non-standard things in the check directory
Result: NOTE Found the following files/directories: ‘.shiny_run’ ‘shinyShortcut.desktop’ Flavors: r-devel-linux-x86_64-debian-clang, r-devel-linux-x86_64-debian-gcc, r-devel-linux-x86_64-fedora-clang, r-devel-linux-x86_64-fedora-gcc, r-patched-linux-x86_64, r-release-linux-x86_64