CRAN Package Check Results for Package shinycustomloader

Last updated on 2022-01-27 23:01:18 CET.

Flavor Version Tinstall Tcheck Ttotal Status Flags
r-devel-linux-x86_64-debian-clang 0.9.0 2.64 41.01 43.65 NOTE
r-devel-linux-x86_64-debian-gcc 0.9.0 2.36 32.84 35.20 NOTE
r-devel-linux-x86_64-fedora-clang 0.9.0 53.94 NOTE
r-devel-linux-x86_64-fedora-gcc 0.9.0 44.29 NOTE
r-devel-windows-x86_64-new-UL 0.9.0 79.00 68.00 147.00 NOTE
r-devel-windows-x86_64-new-TK 0.9.0 NOTE
r-patched-linux-x86_64 0.9.0 2.53 39.69 42.22 NOTE
r-release-linux-x86_64 0.9.0 2.87 39.58 42.45 NOTE
r-release-macos-arm64 0.9.0 NOTE
r-release-macos-x86_64 0.9.0 NOTE
r-release-windows-ix86+x86_64 0.9.0 7.00 54.00 61.00 NOTE
r-oldrel-macos-x86_64 0.9.0 OK
r-oldrel-windows-ix86+x86_64 0.9.0 9.00 53.00 62.00 OK

Check Details

Version: 0.9.0
Check: LazyData
Result: NOTE
     'LazyData' is specified without a 'data' directory
Flavors: r-devel-linux-x86_64-debian-clang, r-devel-linux-x86_64-debian-gcc, r-devel-linux-x86_64-fedora-clang, r-devel-linux-x86_64-fedora-gcc, r-devel-windows-x86_64-new-UL, r-devel-windows-x86_64-new-TK, r-patched-linux-x86_64, r-release-linux-x86_64, r-release-macos-arm64, r-release-macos-x86_64, r-release-windows-ix86+x86_64