CRAN Package Check Results for Package shinyhelper

Last updated on 2021-12-01 22:53:25 CET.

Flavor Version Tinstall Tcheck Ttotal Status Flags
r-devel-linux-x86_64-debian-clang 0.3.2 2.09 20.44 22.53 OK
r-devel-linux-x86_64-debian-gcc 0.3.2 1.67 16.15 17.82 OK
r-devel-linux-x86_64-fedora-clang 0.3.2 38.39 NOTE
r-devel-linux-x86_64-fedora-gcc 0.3.2 27.78 NOTE
r-devel-windows-x86_64-new-UL 0.3.2 6.00 54.00 60.00 OK
r-devel-windows-x86_64-new-TK NOTE
r-devel-windows-x86_64-old 0.3.2 5.00 32.00 37.00 OK
r-patched-linux-x86_64 0.3.2 2.05 19.51 21.56 OK
r-patched-solaris-x86 0.3.2 42.80 NOTE
r-release-linux-x86_64 0.3.2 2.08 19.57 21.65 OK
r-release-macos-arm64 0.3.2 NOTE
r-release-macos-x86_64 0.3.2 NOTE
r-release-windows-ix86+x86_64 0.3.2 5.00 36.00 41.00 OK
r-oldrel-macos-x86_64 0.3.2 NOTE
r-oldrel-windows-ix86+x86_64 0.3.2 6.00 39.00 45.00 OK

Check Details

Version: 0.3.2
Check: dependencies in R code
Result: NOTE
    Namespace in Imports field not imported from: ‘markdown’
     All declared Imports should be used.
Flavors: r-devel-linux-x86_64-fedora-clang, r-devel-linux-x86_64-fedora-gcc, r-devel-windows-x86_64-new-TK, r-patched-solaris-x86, r-release-macos-arm64, r-release-macos-x86_64, r-oldrel-macos-x86_64