CRAN Package Check Results for Package shinyhelper

Last updated on 2020-02-21 22:51:22 CET.

Flavor Version Tinstall Tcheck Ttotal Status Flags
r-devel-linux-x86_64-debian-clang 0.3.2 1.83 18.19 20.02 OK
r-devel-linux-x86_64-debian-gcc 0.3.2 1.53 14.54 16.07 OK
r-devel-linux-x86_64-fedora-clang 0.3.2 25.20 NOTE
r-devel-linux-x86_64-fedora-gcc 0.3.2 24.76 NOTE
r-devel-windows-ix86+x86_64 0.3.2 7.00 32.00 39.00 OK
r-devel-windows-ix86+x86_64-gcc8 0.3.2 14.00 33.00 47.00 OK
r-patched-linux-x86_64 0.3.2 OK
r-patched-solaris-x86 0.3.2 35.60 NOTE
r-release-linux-x86_64 0.3.2 1.39 16.67 18.06 OK
r-release-windows-ix86+x86_64 0.3.2 4.00 32.00 36.00 OK
r-release-osx-x86_64 0.3.2 NOTE
r-oldrel-windows-ix86+x86_64 0.3.2 3.00 32.00 35.00 OK
r-oldrel-osx-x86_64 0.3.2 NOTE

Check Details

Version: 0.3.2
Check: dependencies in R code
Result: NOTE
    Namespace in Imports field not imported from: ‘markdown’
     All declared Imports should be used.
Flavors: r-devel-linux-x86_64-fedora-clang, r-devel-linux-x86_64-fedora-gcc, r-patched-solaris-x86, r-release-osx-x86_64, r-oldrel-osx-x86_64