CRAN Package Check Results for Package shinyhelper

Last updated on 2019-09-21 22:49:09 CEST.

Flavor Version Tinstall Tcheck Ttotal Status Flags
r-devel-linux-x86_64-debian-clang 0.3.1 1.70 16.50 18.20 OK
r-devel-linux-x86_64-debian-gcc 0.3.1 1.49 13.49 14.98 OK
r-devel-linux-x86_64-fedora-clang 0.3.1 23.39 NOTE
r-devel-linux-x86_64-fedora-gcc 0.3.1 22.49 NOTE
r-devel-windows-ix86+x86_64 0.3.1 10.00 33.00 43.00 OK
r-patched-linux-x86_64 0.3.1 1.52 16.42 17.94 OK
r-patched-solaris-x86 0.3.1 35.30 NOTE
r-release-linux-x86_64 0.3.1 1.37 16.39 17.76 OK
r-release-windows-ix86+x86_64 0.3.1 3.00 31.00 34.00 OK
r-release-osx-x86_64 0.3.1 NOTE
r-oldrel-windows-ix86+x86_64 0.3.1 3.00 31.00 34.00 OK
r-oldrel-osx-x86_64 0.3.1 NOTE

Check Details

Version: 0.3.1
Check: dependencies in R code
Result: NOTE
    Namespace in Imports field not imported from: ‘markdown’
     All declared Imports should be used.
Flavors: r-devel-linux-x86_64-fedora-clang, r-devel-linux-x86_64-fedora-gcc, r-patched-solaris-x86, r-release-osx-x86_64, r-oldrel-osx-x86_64