CRAN Package Check Results for Package shinymaterial

Last updated on 2021-12-01 22:53:25 CET.

Flavor Version Tinstall Tcheck Ttotal Status Flags
r-devel-linux-x86_64-debian-clang 1.2.0 3.26 29.66 32.92 NOTE
r-devel-linux-x86_64-debian-gcc 1.2.0 2.22 23.99 26.21 NOTE
r-devel-linux-x86_64-fedora-clang 1.2.0 51.27 NOTE
r-devel-linux-x86_64-fedora-gcc 1.2.0 41.41 NOTE
r-devel-windows-x86_64-new-UL 1.2.0 16.00 70.00 86.00 NOTE
r-devel-windows-x86_64-new-TK 1.2.0 NOTE
r-devel-windows-x86_64-old 1.2.0 7.00 41.00 48.00 NOTE
r-patched-linux-x86_64 1.2.0 4.04 29.37 33.41 NOTE
r-patched-solaris-x86 1.2.0 60.90 NOTE
r-release-linux-x86_64 1.2.0 3.45 29.30 32.75 NOTE
r-release-macos-arm64 1.2.0 NOTE
r-release-macos-x86_64 1.2.0 NOTE
r-release-windows-ix86+x86_64 1.2.0 8.00 51.00 59.00 NOTE
r-oldrel-macos-x86_64 1.2.0 OK
r-oldrel-windows-ix86+x86_64 1.2.0 8.00 53.00 61.00 OK

Check Details

Version: 1.2.0
Check: LazyData
Result: NOTE
     'LazyData' is specified without a 'data' directory
Flavors: r-devel-linux-x86_64-debian-clang, r-devel-linux-x86_64-debian-gcc, r-devel-linux-x86_64-fedora-clang, r-devel-linux-x86_64-fedora-gcc, r-devel-windows-x86_64-new-UL, r-devel-windows-x86_64-new-TK, r-devel-windows-x86_64-old, r-patched-linux-x86_64, r-patched-solaris-x86, r-release-linux-x86_64, r-release-macos-arm64, r-release-macos-x86_64, r-release-windows-ix86+x86_64