Last updated on 2024-03-27 22:57:59 CET.
Flavor | Version | Tinstall | Tcheck | Ttotal | Status | Flags |
---|---|---|---|---|---|---|
r-devel-linux-x86_64-debian-clang | 0.2.0 | 4.93 | 56.49 | 61.42 | NOTE | |
r-devel-linux-x86_64-debian-gcc | 0.2.0 | 3.32 | 42.83 | 46.15 | NOTE | |
r-devel-linux-x86_64-fedora-clang | 0.2.0 | 86.92 | NOTE | |||
r-devel-linux-x86_64-fedora-gcc | 0.2.0 | 86.27 | NOTE | |||
r-devel-windows-x86_64 | 0.2.0 | 7.00 | 69.00 | 76.00 | NOTE | |
r-patched-linux-x86_64 | 0.2.0 | 10.42 | 53.75 | 64.17 | OK | |
r-release-linux-x86_64 | 0.2.0 | 4.87 | 52.99 | 57.86 | OK | |
r-release-macos-arm64 | 0.2.0 | 33.00 | OK | |||
r-release-macos-x86_64 | 0.2.0 | 51.00 | OK | |||
r-release-windows-x86_64 | 0.2.0 | 9.00 | 74.00 | 83.00 | OK | |
r-oldrel-macos-arm64 | 0.2.0 | 23.00 | OK | |||
r-oldrel-windows-x86_64 | 0.2.0 | 9.00 | 75.00 | 84.00 | OK |
Version: 0.2.0
Check: Rd files
Result: NOTE
checkRd: (-1) add_class.Rd:18: Lost braces; missing escapes or markup?
18 | Custom function for adding a CSS class used in {shinysurveys}.
| ^
checkRd: (-1) disable_element.Rd:16: Lost braces; missing escapes or markup?
16 | Custom function for disabling an HTML element in {shinysurveys}.
| ^
checkRd: (-1) enable_element.Rd:16: Lost braces; missing escapes or markup?
16 | Custom function for disabling an HTML element in {shinysurveys}.
| ^
checkRd: (-1) extendInputType.Rd:12: Lost braces; missing escapes or markup?
12 | \item{extension}{A shiny input type not natively supported by {shinysurveys}. See the examples section for more information.}
| ^
checkRd: (-1) getSurveyData.Rd:15: Lost braces; missing escapes or markup?
15 | default, and the built-in {shinysurveys} userID will be used.}
| ^
checkRd: (-1) radioMatrixInput.Rd:18: Lost braces; missing escapes or markup?
18 | \item{...}{Additional arguments specific to {shinysurveys} required questions.}
| ^
checkRd: (-1) remove_class.Rd:18: Lost braces; missing escapes or markup?
18 | Custom function for removing a CSS class used in {shinysurveys}.
| ^
checkRd: (-1) toggle_element.Rd:18: Lost braces; missing escapes or markup?
18 | Custom function for toggling enable/disable state of HTML element in {shinysurveys}.
| ^
Flavors: r-devel-linux-x86_64-debian-clang, r-devel-linux-x86_64-debian-gcc, r-devel-linux-x86_64-fedora-clang, r-devel-linux-x86_64-fedora-gcc, r-devel-windows-x86_64