CRAN Package Check Results for Package shinytest

Last updated on 2021-08-05 22:55:10 CEST.

Flavor Version Tinstall Tcheck Ttotal Status Flags
r-devel-linux-x86_64-debian-clang 1.5.0 7.11 51.60 58.71 NOTE
r-devel-linux-x86_64-debian-gcc 1.5.0 6.53 39.96 46.49 NOTE
r-devel-linux-x86_64-fedora-clang 1.5.0 78.41 NOTE
r-devel-linux-x86_64-fedora-gcc 1.5.0 68.85 NOTE
r-devel-windows-x86_64 1.5.0 14.00 61.00 75.00 NOTE
r-devel-windows-x86_64-gcc10-UCRT 1.5.0 ERROR
r-patched-linux-x86_64 1.5.0 8.83 49.29 58.12 NOTE
r-patched-solaris-x86 1.5.0 101.50 NOTE
r-release-linux-x86_64 1.5.0 7.28 48.79 56.07 NOTE
r-release-macos-arm64 1.5.0 NOTE
r-release-macos-x86_64 1.5.0 NOTE
r-release-windows-ix86+x86_64 1.5.0 17.00 71.00 88.00 NOTE
r-oldrel-macos-x86_64 1.5.0 OK
r-oldrel-windows-ix86+x86_64 1.5.0 40.00 74.00 114.00 OK

Check Details

Version: 1.5.0
Check: LazyData
Result: NOTE
     'LazyData' is specified without a 'data' directory
Flavors: r-devel-linux-x86_64-debian-clang, r-devel-linux-x86_64-debian-gcc, r-devel-linux-x86_64-fedora-clang, r-devel-linux-x86_64-fedora-gcc, r-devel-windows-x86_64, r-patched-linux-x86_64, r-patched-solaris-x86, r-release-linux-x86_64, r-release-macos-arm64, r-release-macos-x86_64, r-release-windows-ix86+x86_64

Version: 1.5.0
Check: package dependencies
Result: ERROR
    Packages required but not available: 'parsedate', 'testthat'
    
    See section 'The DESCRIPTION file' in the 'Writing R Extensions'
    manual.
Flavor: r-devel-windows-x86_64-gcc10-UCRT