CRAN Package Check Results for Package shrink

Last updated on 2020-02-17 22:49:48 CET.

Flavor Version Tinstall Tcheck Ttotal Status Flags
r-devel-linux-x86_64-debian-clang 1.2.1 0.42 2.43 2.85 ERROR
r-devel-linux-x86_64-debian-gcc 1.2.1 9.64 97.35 106.99 OK
r-devel-linux-x86_64-fedora-clang 1.2.1 166.61 OK
r-devel-linux-x86_64-fedora-gcc 1.2.1 165.77 OK
r-devel-windows-ix86+x86_64 1.2.1 28.00 148.00 176.00 OK
r-devel-windows-ix86+x86_64-gcc8 1.2.1 49.00 140.00 189.00 OK
r-patched-linux-x86_64 1.2.1 9.88 111.01 120.89 OK
r-patched-solaris-x86 1.2.1 245.70 OK
r-release-linux-x86_64 1.2.1 11.01 110.99 122.00 OK
r-release-windows-ix86+x86_64 1.2.1 25.00 133.00 158.00 OK
r-release-osx-x86_64 1.2.1 OK
r-oldrel-windows-ix86+x86_64 1.2.1 14.00 148.00 162.00 OK
r-oldrel-osx-x86_64 1.2.1 OK

Check Details

Version: 1.2.1
Check: package dependencies
Result: ERROR
    Package required but not available: 'rms'
    
    See section 'The DESCRIPTION file' in the 'Writing R Extensions'
    manual.
Flavor: r-devel-linux-x86_64-debian-clang