Last updated on 2023-09-21 23:03:32 CEST.
Flavor | Version | Tinstall | Tcheck | Ttotal | Status | Flags |
---|---|---|---|---|---|---|
r-devel-linux-x86_64-debian-clang | 0.2.0 | 91.79 | 44.69 | 136.48 | NOTE | |
r-devel-linux-x86_64-debian-gcc | 0.2.0 | 66.89 | 34.07 | 100.96 | NOTE | |
r-devel-linux-x86_64-fedora-clang | 0.2.0 | 190.63 | NOTE | |||
r-devel-linux-x86_64-fedora-gcc | 0.2.0 | 199.62 | NOTE | |||
r-devel-windows-x86_64 | 0.2.0 | 69.00 | 75.00 | 144.00 | NOTE | |
r-patched-linux-x86_64 | 0.2.0 | 98.10 | 43.06 | 141.16 | NOTE | |
r-release-linux-x86_64 | 0.2.0 | 99.77 | 43.36 | 143.13 | NOTE | |
r-release-macos-arm64 | 0.2.0 | 51.00 | NOTE | |||
r-release-macos-x86_64 | 0.2.0 | 80.00 | NOTE | |||
r-release-windows-x86_64 | 0.2.0 | 89.00 | 80.00 | 169.00 | NOTE | |
r-oldrel-macos-arm64 | 0.2.0 | 63.00 | NOTE | |||
r-oldrel-macos-x86_64 | 0.2.0 | 62.00 | NOTE | |||
r-oldrel-windows-x86_64 | 0.2.0 | 88.00 | 82.00 | 170.00 | OK |
Version: 0.2.0
Check: C++ specification
Result: NOTE
Specified C++11: please drop specification unless essential
Flavors: r-devel-linux-x86_64-debian-clang, r-devel-linux-x86_64-debian-gcc, r-devel-linux-x86_64-fedora-clang, r-devel-linux-x86_64-fedora-gcc, r-devel-windows-x86_64, r-patched-linux-x86_64, r-release-linux-x86_64, r-release-macos-arm64, r-release-macos-x86_64, r-release-windows-x86_64
Version: 0.2.0
Check: installed package size
Result: NOTE
installed size is 5.4Mb
sub-directories of 1Mb or more:
libs 5.2Mb
Flavors: r-release-macos-arm64, r-release-macos-x86_64, r-oldrel-macos-arm64, r-oldrel-macos-x86_64