Last updated on 2024-04-17 23:00:11 CEST.
Flavor | Version | Tinstall | Tcheck | Ttotal | Status | Flags |
---|---|---|---|---|---|---|
r-devel-linux-x86_64-debian-clang | 3.0.1 | 328.91 | 82.77 | 411.68 | OK | |
r-devel-linux-x86_64-debian-gcc | 3.0.1 | 243.07 | 62.41 | 305.48 | OK | |
r-devel-linux-x86_64-fedora-clang | 3.0.1 | 602.59 | OK | |||
r-devel-linux-x86_64-fedora-gcc | 3.0.1 | 595.52 | OK | |||
r-prerel-macos-arm64 | 3.0.1 | 109.00 | NOTE | |||
r-prerel-macos-x86_64 | 3.0.1 | 185.00 | NOTE | |||
r-prerel-windows-x86_64 | 3.0.1 | 236.00 | 126.00 | 362.00 | OK | |
r-patched-linux-x86_64 | 3.0.1 | 310.93 | 80.12 | 391.05 | OK | |
r-release-linux-x86_64 | 3.0.1 | 293.17 | 77.32 | 370.49 | OK | |
r-release-macos-arm64 | 3.0.1 | 130.00 | NOTE | |||
r-release-macos-x86_64 | 3.0.1 | 208.00 | NOTE | |||
r-release-windows-x86_64 | 3.0.1 | 301.00 | 137.00 | 438.00 | OK | |
r-oldrel-macos-arm64 | 3.0.1 | 126.00 | NOTE | |||
r-oldrel-windows-x86_64 | 3.0.1 | 293.00 | 130.00 | 423.00 | OK |
Version: 3.0.1
Check: installed package size
Result: NOTE
installed size is 12.1Mb
sub-directories of 1Mb or more:
libs 11.1Mb
Flavors: r-prerel-macos-arm64, r-prerel-macos-x86_64, r-release-macos-arm64, r-release-macos-x86_64, r-oldrel-macos-arm64