CRAN Package Check Results for Package shrinkTVP

Last updated on 2024-07-23 22:49:51 CEST.

Flavor Version Tinstall Tcheck Ttotal Status Flags
r-devel-linux-x86_64-debian-clang 3.0.1 257.11 83.50 340.61 OK
r-devel-linux-x86_64-debian-gcc 3.0.1 170.44 63.77 234.21 NOTE
r-devel-linux-x86_64-fedora-clang 3.0.1 600.19 OK
r-devel-linux-x86_64-fedora-gcc 3.0.1 541.03 OK
r-devel-windows-x86_64 3.0.1 207.00 127.00 334.00 NOTE
r-patched-linux-x86_64 3.0.1 269.98 80.72 350.70 OK
r-release-linux-x86_64 3.0.1 218.62 79.00 297.62 OK
r-release-macos-arm64 3.0.1 109.00 NOTE
r-release-macos-x86_64 3.0.1 113.00 NOTE
r-release-windows-x86_64 3.0.1 251.00 125.00 376.00 OK
r-oldrel-macos-arm64 3.0.1 130.00 NOTE
r-oldrel-macos-x86_64 3.0.1 208.00 NOTE
r-oldrel-windows-x86_64 3.0.1 242.00 135.00 377.00 OK

Check Details

Version: 3.0.1
Check: Rd cross-references
Result: NOTE Found the following Rd file(s) with Rd \link{} targets missing package anchors: shrinkDTVP.Rd: stochvol, svsample shrinkTVP.Rd: stochvol, svsample simTVP.Rd: svsim updateTVP.Rd: stochvol, svsample Please provide package anchors for all Rd \link{} targets not in the package itself and the base packages. Flavors: r-devel-linux-x86_64-debian-gcc, r-devel-windows-x86_64

Version: 3.0.1
Check: installed package size
Result: NOTE installed size is 12.1Mb sub-directories of 1Mb or more: libs 11.1Mb Flavors: r-release-macos-arm64, r-release-macos-x86_64, r-oldrel-macos-arm64, r-oldrel-macos-x86_64