CRAN Package Check Results for Package shrinkTVP

Last updated on 2023-09-30 22:59:19 CEST.

Flavor Version Tinstall Tcheck Ttotal Status Flags
r-devel-linux-x86_64-debian-clang 2.0.6 207.57 66.95 274.52 NOTE
r-devel-linux-x86_64-debian-gcc 2.0.6 145.65 50.99 196.64 NOTE
r-devel-linux-x86_64-fedora-clang 2.0.6 431.72 NOTE
r-devel-linux-x86_64-fedora-gcc 2.0.6 424.96 NOTE
r-devel-windows-x86_64 2.0.6 161.00 118.00 279.00 NOTE
r-patched-linux-x86_64 2.0.6 217.57 65.68 283.25 NOTE
r-release-linux-x86_64 2.0.6 217.59 65.86 283.45 NOTE
r-release-macos-arm64 2.0.6 96.00 NOTE
r-release-macos-x86_64 2.0.6 118.00 NOTE
r-release-windows-x86_64 2.0.6 214.00 122.00 336.00 NOTE
r-oldrel-macos-arm64 2.0.6 90.00 NOTE
r-oldrel-macos-x86_64 2.0.6 111.00 NOTE
r-oldrel-windows-x86_64 2.0.6 202.00 125.00 327.00 OK

Check Details

Version: 2.0.6
Check: C++ specification
Result: NOTE
     Specified C++11: please drop specification unless essential
Flavors: r-devel-linux-x86_64-debian-clang, r-devel-linux-x86_64-debian-gcc, r-devel-linux-x86_64-fedora-clang, r-devel-linux-x86_64-fedora-gcc, r-devel-windows-x86_64, r-patched-linux-x86_64, r-release-linux-x86_64, r-release-macos-arm64, r-release-macos-x86_64, r-release-windows-x86_64

Version: 2.0.6
Check: installed package size
Result: NOTE
     installed size is 8.4Mb
     sub-directories of 1Mb or more:
     libs 7.5Mb
Flavors: r-release-macos-arm64, r-release-macos-x86_64, r-oldrel-macos-arm64, r-oldrel-macos-x86_64