CRAN Package Check Results for Package sidier

Last updated on 2020-01-17 22:51:06 CET.

Flavor Version Tinstall Tcheck Ttotal Status Flags
r-devel-linux-x86_64-debian-clang 4.0.3 12.59 91.77 104.36 NOTE
r-devel-linux-x86_64-debian-gcc 4.0.3 9.58 67.16 76.74 NOTE
r-devel-linux-x86_64-fedora-clang 4.0.3 123.09 NOTE
r-devel-linux-x86_64-fedora-gcc 4.0.3 120.95 NOTE
r-devel-windows-ix86+x86_64 4.0.3 29.00 139.00 168.00 OK
r-devel-windows-ix86+x86_64-gcc8 4.0.3 22.00 151.00 173.00 OK
r-patched-linux-x86_64 4.0.3 9.80 81.27 91.07 OK
r-patched-solaris-x86 4.0.3 163.40 OK
r-release-linux-x86_64 4.0.3 10.36 80.35 90.71 OK
r-release-windows-ix86+x86_64 4.0.3 26.00 100.00 126.00 OK
r-release-osx-x86_64 4.0.3 OK
r-oldrel-windows-ix86+x86_64 4.0.3 19.00 92.00 111.00 OK
r-oldrel-osx-x86_64 4.0.3 OK

Check Details

Version: 4.0.3
Check: for non-standard things in the check directory
Result: NOTE
    Found the following files/directories:
     '3_FindHaplo_Example2_modified.txt'
     '4_Example3_HapPerPop_Weighted.txt'
     '4_Example3_IndelDistanceMatrixMullerMod.txt'
     '4_FindHaplo_Example2_modified.txt' 'FindHaplo.txt'
     'Haplotypes_DefaultNames.txt' 'Haplotypes_sequentialNames.txt'
     'Interaction.txt' 'Modules_summary.txt'
     'NINA.ThresholdEstimation.txt' 'NINA_Network.pdf' 'Network.pdf'
     'PercThr Estimation.pdf' 'PercThresholdEstimation.txt'
     'PercolatedNetwork.pdf' 'PopulationDistances.r.txt' 'Weighted.txt'
     'ex1.fas' 'ex2.2.fas' 'ex2.fas' 'ex2_unique.fas' 'ex3.fas'
     'simulated_sequences_rep1.fas' 'simulated_sequences_rep2.fas'
     'simulated_sequences_tips_rep1.fas'
     'simulated_sequences_tips_rep2.fas'
Flavors: r-devel-linux-x86_64-debian-clang, r-devel-linux-x86_64-debian-gcc, r-devel-linux-x86_64-fedora-clang, r-devel-linux-x86_64-fedora-gcc