CRAN Package Check Results for Package sidier

Last updated on 2019-08-25 22:47:13 CEST.

Flavor Version Tinstall Tcheck Ttotal Status Flags
r-devel-linux-x86_64-debian-clang 4.0.3 10.19 82.70 92.89 NOTE
r-devel-linux-x86_64-debian-gcc 4.0.3 8.92 62.55 71.47 NOTE
r-devel-linux-x86_64-fedora-clang 4.0.3 113.51 NOTE
r-devel-linux-x86_64-fedora-gcc 4.0.3 111.95 NOTE
r-devel-windows-ix86+x86_64 4.0.3 30.00 93.00 123.00 OK
r-patched-linux-x86_64 4.0.3 10.07 80.53 90.60 OK
r-patched-solaris-x86 4.0.3 148.00 OK
r-release-linux-x86_64 4.0.3 10.85 80.79 91.64 OK
r-release-windows-ix86+x86_64 4.0.3 28.00 0.00 28.00 FAIL
r-release-osx-x86_64 4.0.3 OK
r-oldrel-windows-ix86+x86_64 4.0.3 18.00 135.00 153.00 OK
r-oldrel-osx-x86_64 4.0.3 OK

Check Details

Version: 4.0.3
Check: for non-standard things in the check directory
Result: NOTE
    Found the following files/directories:
     '3_FindHaplo_Example2_modified.txt'
     '4_Example3_HapPerPop_Weighted.txt'
     '4_Example3_IndelDistanceMatrixMullerMod.txt'
     '4_FindHaplo_Example2_modified.txt' 'FindHaplo.txt'
     'Haplotypes_DefaultNames.txt' 'Haplotypes_sequentialNames.txt'
     'Interaction.txt' 'Modules_summary.txt'
     'NINA.ThresholdEstimation.txt' 'NINA_Network.pdf' 'Network.pdf'
     'PercThr Estimation.pdf' 'PercThresholdEstimation.txt'
     'PercolatedNetwork.pdf' 'PopulationDistances.r.txt' 'Weighted.txt'
     'ex1.fas' 'ex2.2.fas' 'ex2.fas' 'ex2_unique.fas' 'ex3.fas'
     'simulated_sequences_rep1.fas' 'simulated_sequences_rep2.fas'
     'simulated_sequences_tips_rep1.fas'
     'simulated_sequences_tips_rep2.fas'
Flavors: r-devel-linux-x86_64-debian-clang, r-devel-linux-x86_64-debian-gcc, r-devel-linux-x86_64-fedora-clang, r-devel-linux-x86_64-fedora-gcc

Version: 4.0.3
Check: package dependencies
Result: FAIL
    Check process probably crashed or hung up for 20 minutes ... killed
    Most likely this happened in the example checks (?),
    if not, ignore the following last lines of example output:
    
    ======== End of example output (where/before crash/hang up occured ?) ========
Flavor: r-release-windows-ix86+x86_64