CRAN Package Check Results for Package sigQC

Last updated on 2021-08-04 22:55:34 CEST.

Flavor Version Tinstall Tcheck Ttotal Status Flags
r-devel-linux-x86_64-debian-clang 0.1.22 7.91 58.20 66.11 OK
r-devel-linux-x86_64-debian-gcc 0.1.22 5.85 43.08 48.93 OK
r-devel-linux-x86_64-fedora-clang 0.1.22 84.89 NOTE
r-devel-linux-x86_64-fedora-gcc 0.1.22 75.61 NOTE
r-devel-windows-x86_64 0.1.22 11.00 74.00 85.00 OK
r-devel-windows-x86_64-gcc10-UCRT 0.1.22 NOTE
r-patched-linux-x86_64 0.1.22 5.32 54.63 59.95 OK
r-patched-solaris-x86 0.1.22 104.50 NOTE
r-release-linux-x86_64 0.1.22 6.62 54.17 60.79 OK
r-release-macos-arm64 0.1.22 ERROR
r-release-macos-x86_64 0.1.22 ERROR
r-release-windows-ix86+x86_64 0.1.22 14.00 72.00 86.00 OK
r-oldrel-macos-x86_64 0.1.22 ERROR
r-oldrel-windows-ix86+x86_64 0.1.22 14.00 69.00 83.00 OK

Check Details

Version: 0.1.22
Check: dependencies in R code
Result: NOTE
    Namespaces in Imports field not imported from:
     ‘KernSmooth’ ‘MASS’ ‘class’ ‘cluster’ ‘lattice’ ‘nnet’
     All declared Imports should be used.
Flavors: r-devel-linux-x86_64-fedora-clang, r-devel-linux-x86_64-fedora-gcc, r-devel-windows-x86_64-gcc10-UCRT, r-patched-solaris-x86

Version: 0.1.22
Check: package dependencies
Result: ERROR
    Packages required but not available: 'RankProd', 'GSVA'
    
    See section ‘The DESCRIPTION file’ in the ‘Writing R Extensions’
    manual.
Flavor: r-release-macos-arm64

Version: 0.1.22
Check: package dependencies
Result: ERROR
    Package required but not available: ‘RankProd’
    
    See section ‘The DESCRIPTION file’ in the ‘Writing R Extensions’
    manual.
Flavors: r-release-macos-x86_64, r-oldrel-macos-x86_64