CRAN Package Check Results for Package sigQC

Last updated on 2021-10-19 22:54:10 CEST.

Flavor Version Tinstall Tcheck Ttotal Status Flags
r-devel-linux-x86_64-debian-clang 0.1.22 6.23 55.99 62.22 OK
r-devel-linux-x86_64-debian-gcc 0.1.22 5.41 42.07 47.48 OK
r-devel-linux-x86_64-fedora-clang 0.1.22 85.45 NOTE
r-devel-linux-x86_64-fedora-gcc 0.1.22 75.09 NOTE
r-devel-windows-x86_64 0.1.22 13.00 64.00 77.00 OK
r-devel-windows-x86_64-gcc10-UCRT 0.1.22 NOTE
r-patched-linux-x86_64 0.1.22 5.42 53.54 58.96 OK
r-patched-solaris-x86 0.1.22 106.10 NOTE
r-release-linux-x86_64 0.1.22 5.86 53.63 59.49 OK
r-release-macos-arm64 0.1.22 NOTE
r-release-macos-x86_64 0.1.22 ERROR
r-release-windows-ix86+x86_64 0.1.22 22.00 72.00 94.00 OK
r-oldrel-macos-x86_64 0.1.22 ERROR
r-oldrel-windows-ix86+x86_64 0.1.22 13.00 67.00 80.00 OK

Check Details

Version: 0.1.22
Check: dependencies in R code
Result: NOTE
    Namespaces in Imports field not imported from:
     ‘KernSmooth’ ‘MASS’ ‘class’ ‘cluster’ ‘lattice’ ‘nnet’
     All declared Imports should be used.
Flavors: r-devel-linux-x86_64-fedora-clang, r-devel-linux-x86_64-fedora-gcc, r-devel-windows-x86_64-gcc10-UCRT, r-patched-solaris-x86, r-release-macos-arm64

Version: 0.1.22
Check: package dependencies
Result: ERROR
    Package required but not available: ‘RankProd’
    
    See section ‘The DESCRIPTION file’ in the ‘Writing R Extensions’
    manual.
Flavors: r-release-macos-x86_64, r-oldrel-macos-x86_64