Last updated on 2024-03-28 23:01:58 CET.
Flavor | Version | Tinstall | Tcheck | Ttotal | Status | Flags |
---|---|---|---|---|---|---|
r-devel-linux-x86_64-debian-clang | 0.1.5 | 6.16 | 63.32 | 69.48 | OK | |
r-devel-linux-x86_64-debian-gcc | 0.1.5 | 4.50 | 46.32 | 50.82 | OK | |
r-devel-linux-x86_64-fedora-clang | 0.1.5 | 82.37 | NOTE | |||
r-devel-linux-x86_64-fedora-gcc | 0.1.5 | 80.88 | NOTE | |||
r-devel-windows-x86_64 | 0.1.5 | 6.00 | 73.00 | 79.00 | OK | |
r-patched-linux-x86_64 | 0.1.5 | 5.29 | 61.09 | 66.38 | OK | |
r-release-linux-x86_64 | 0.1.5 | 3.59 | 59.29 | 62.88 | OK | |
r-release-macos-arm64 | 0.1.5 | 28.00 | OK | |||
r-release-macos-x86_64 | 0.1.5 | 43.00 | OK | |||
r-release-windows-x86_64 | 0.1.5 | 9.00 | 81.00 | 90.00 | OK | |
r-oldrel-macos-arm64 | 0.1.5 | 25.00 | NOTE | |||
r-oldrel-windows-x86_64 | 0.1.5 | 10.00 | 83.00 | 93.00 | OK |
Version: 0.1.5
Check: data for non-ASCII characters
Result: NOTE
Note: found 28 marked UTF-8 strings
Flavors: r-devel-linux-x86_64-fedora-clang, r-devel-linux-x86_64-fedora-gcc, r-oldrel-macos-arm64