CRAN Package Check Results for Package signal

Last updated on 2019-08-21 22:48:50 CEST.

Flavor Version Tinstall Tcheck Ttotal Status Flags
r-devel-linux-x86_64-debian-clang 0.7-6 5.73 36.02 41.75 OK
r-devel-linux-x86_64-debian-gcc 0.7-6 OK
r-devel-linux-x86_64-fedora-clang 0.7-6 50.56 NOTE
r-devel-linux-x86_64-fedora-gcc 0.7-6 53.33 NOTE
r-devel-windows-ix86+x86_64 0.7-6 21.00 70.00 91.00 OK
r-patched-linux-x86_64 0.7-6 5.45 35.73 41.18 OK
r-patched-solaris-x86 0.7-6 71.30 OK
r-release-linux-x86_64 0.7-6 5.76 35.66 41.42 OK
r-release-windows-ix86+x86_64 0.7-6 15.00 59.00 74.00 OK
r-release-osx-x86_64 0.7-6 OK
r-oldrel-windows-ix86+x86_64 0.7-6 31.00 77.00 108.00 OK
r-oldrel-osx-x86_64 0.7-6 OK

Check Details

Version: 0.7-6
Check: compiled code
Result: NOTE
    File ‘signal/libs/signal.so’:
     Found no calls to: ‘R_registerRoutines’, ‘R_useDynamicSymbols’
    
    It is good practice to register native routines and to disable symbol
    search.
    
    See ‘Writing portable packages’ in the ‘Writing R Extensions’ manual.
Flavors: r-devel-linux-x86_64-fedora-clang, r-devel-linux-x86_64-fedora-gcc