Last updated on 2024-03-27 22:57:59 CET.
Flavor | Version | Tinstall | Tcheck | Ttotal | Status | Flags |
---|---|---|---|---|---|---|
r-devel-linux-x86_64-debian-clang | 1.0.3 | 9.72 | 86.06 | 95.78 | NOTE | |
r-devel-linux-x86_64-debian-gcc | 1.0.3 | 8.95 | 64.34 | 73.29 | NOTE | |
r-devel-linux-x86_64-fedora-clang | 1.0.3 | 118.69 | NOTE | |||
r-devel-linux-x86_64-fedora-gcc | 1.0.3 | 113.62 | NOTE | |||
r-devel-windows-x86_64 | 1.0.3 | 11.00 | 88.00 | 99.00 | NOTE | |
r-patched-linux-x86_64 | 1.0.3 | 11.94 | 81.24 | 93.18 | OK | |
r-release-linux-x86_64 | 1.0.3 | 11.28 | 81.56 | 92.84 | OK | |
r-release-macos-arm64 | 1.0.3 | 38.00 | OK | |||
r-release-macos-x86_64 | 1.0.3 | 57.00 | OK | |||
r-release-windows-x86_64 | 1.0.3 | 14.00 | 105.00 | 119.00 | OK | |
r-oldrel-macos-arm64 | 1.0.3 | 34.00 | OK | |||
r-oldrel-windows-x86_64 | 1.0.3 | 14.00 | 96.00 | 110.00 | OK |
Version: 1.0.3
Check: Rd files
Result: NOTE
checkRd: (-1) create_modelDF.Rd:25-38: Lost braces
25 | convert_xlsx_to_csv<-function(xlsx_file){
| ^
checkRd: (-1) create_modelDF.Rd:33-36: Lost braces
33 | for (i in Sheetnames) {
| ^
Flavors: r-devel-linux-x86_64-debian-clang, r-devel-linux-x86_64-debian-gcc, r-devel-linux-x86_64-fedora-clang, r-devel-linux-x86_64-fedora-gcc, r-devel-windows-x86_64