CRAN Package Check Results for Package simFrame

Last updated on 2020-02-21 22:51:22 CET.

Flavor Version Tinstall Tcheck Ttotal Status Flags
r-devel-linux-x86_64-debian-clang 0.5.3 22.14 84.51 106.65 NOTE
r-devel-linux-x86_64-debian-gcc 0.5.3 16.32 70.39 86.71 NOTE
r-devel-linux-x86_64-fedora-clang 0.5.3 189.58 NOTE
r-devel-linux-x86_64-fedora-gcc 0.5.3 227.56 NOTE
r-devel-windows-ix86+x86_64 0.5.3 46.00 329.00 375.00 NOTE
r-devel-windows-ix86+x86_64-gcc8 0.5.3 61.00 323.00 384.00 NOTE
r-patched-linux-x86_64 0.5.3 NOTE
r-patched-solaris-x86 0.5.3 479.80 NOTE
r-release-linux-x86_64 0.5.3 17.55 76.13 93.68 NOTE
r-release-windows-ix86+x86_64 0.5.3 41.00 328.00 369.00 NOTE
r-release-osx-x86_64 0.5.3 NOTE
r-oldrel-windows-ix86+x86_64 0.5.3 55.00 311.00 366.00 NOTE
r-oldrel-osx-x86_64 0.5.3 NOTE

Check Details

Version: 0.5.3
Check: R code for possible problems
Result: NOTE
    getFormula: no visible global function definition for 'as.formula'
    internalSimXyplot : f: no visible global function definition for
     'median'
    runSimulation: no visible global function definition for 'runif'
    setup: no visible global function definition for 'runif'
    clusterSetup,ANY-data.frame-SampleControl: no visible binding for
     global variable 'cnam'
    clusterSetup,ANY-data.frame-TwoStageControl: no visible binding for
     global variable 'cnam'
    initialize,DCARContControl: no visible binding for global variable
     'rnorm'
    initialize,DataControl: no visible binding for global variable 'rnorm'
    Undefined global functions or variables:
     as.formula cnam median rnorm runif
    Consider adding
     importFrom("stats", "as.formula", "median", "rnorm", "runif")
    to your NAMESPACE file.
Flavors: r-devel-linux-x86_64-debian-clang, r-devel-linux-x86_64-debian-gcc, r-devel-linux-x86_64-fedora-clang, r-devel-linux-x86_64-fedora-gcc, r-devel-windows-ix86+x86_64, r-devel-windows-ix86+x86_64-gcc8, r-patched-linux-x86_64, r-patched-solaris-x86, r-release-linux-x86_64, r-release-windows-ix86+x86_64, r-release-osx-x86_64, r-oldrel-windows-ix86+x86_64, r-oldrel-osx-x86_64

Version: 0.5.3
Check: for GNU extensions in Makefiles
Result: NOTE
    GNU make is a SystemRequirements.
Flavors: r-devel-linux-x86_64-debian-clang, r-devel-linux-x86_64-debian-gcc, r-devel-linux-x86_64-fedora-clang, r-devel-linux-x86_64-fedora-gcc, r-devel-windows-ix86+x86_64, r-devel-windows-ix86+x86_64-gcc8, r-patched-linux-x86_64, r-patched-solaris-x86, r-release-linux-x86_64, r-release-windows-ix86+x86_64, r-release-osx-x86_64, r-oldrel-windows-ix86+x86_64, r-oldrel-osx-x86_64

Version: 0.5.3
Check: compiled code
Result: NOTE
    File ‘simFrame/libs/simFrame.so’:
     Found no calls to: ‘R_registerRoutines’, ‘R_useDynamicSymbols’
    
    It is good practice to register native routines and to disable symbol
    search.
    
    See ‘Writing portable packages’ in the ‘Writing R Extensions’ manual.
Flavors: r-devel-linux-x86_64-fedora-clang, r-devel-linux-x86_64-fedora-gcc