CRAN Package Check Results for Package simPop

Last updated on 2021-05-13 22:51:15 CEST.

Flavor Version Tinstall Tcheck Ttotal Status Flags
r-devel-linux-x86_64-debian-clang 1.2.1 87.09 196.36 283.45 OK
r-devel-linux-x86_64-debian-gcc 1.2.1 57.59 143.00 200.59 OK
r-devel-linux-x86_64-fedora-clang 1.2.1 360.32 NOTE
r-devel-linux-x86_64-fedora-gcc 1.2.1 335.39 OK
r-devel-windows-ix86+x86_64 1.2.1 198.00 251.00 449.00 NOTE
r-devel-windows-x86_64-gcc10-UCRT 1.2.1 OK
r-patched-linux-x86_64 1.2.1 72.74 183.31 256.05 OK
r-patched-solaris-x86 1.2.1 418.40 OK
r-release-linux-x86_64 1.2.1 68.80 178.91 247.71 OK
r-release-macos-x86_64 1.2.1 NOTE
r-release-windows-ix86+x86_64 1.2.1 147.00 351.00 498.00 NOTE
r-oldrel-macos-x86_64 1.2.1 NOTE
r-oldrel-windows-ix86+x86_64 1.2.1 175.00 329.00 504.00 OK

Check Details

Version: 1.2.1
Check: installed package size
Result: NOTE
     installed size is 5.0Mb
     sub-directories of 1Mb or more:
     data 2.0Mb
     libs 2.1Mb
Flavors: r-devel-linux-x86_64-fedora-clang, r-devel-windows-ix86+x86_64, r-release-macos-x86_64, r-release-windows-ix86+x86_64, r-oldrel-macos-x86_64