CRAN Package Check Results for Package simfinR

Last updated on 2021-11-30 22:54:44 CET.

Flavor Version Tinstall Tcheck Ttotal Status Flags
r-devel-linux-x86_64-debian-clang 0.2.3 2.11 24.70 26.81 OK
r-devel-linux-x86_64-debian-gcc 0.2.3 1.62 19.57 21.19 OK
r-devel-linux-x86_64-fedora-clang 0.2.3 44.85 NOTE
r-devel-linux-x86_64-fedora-gcc 0.2.3 32.89 NOTE
r-devel-windows-x86_64-new-UL 0.2.3 8.00 58.00 66.00 OK
r-devel-windows-x86_64-new-TK 0.2.3 NOTE
r-devel-windows-x86_64-old 0.2.3 4.00 34.00 38.00 OK
r-patched-linux-x86_64 0.2.3 2.19 23.61 25.80 OK
r-patched-solaris-x86 0.2.3 52.40 NOTE
r-release-linux-x86_64 0.2.3 2.14 23.51 25.65 OK
r-release-macos-arm64 0.2.3 NOTE
r-release-macos-x86_64 0.2.3 NOTE
r-release-windows-ix86+x86_64 0.2.3 5.00 34.00 39.00 OK
r-oldrel-macos-x86_64 0.2.3 NOTE
r-oldrel-windows-ix86+x86_64 0.2.3 4.00 32.00 36.00 OK

Check Details

Version: 0.2.3
Check: dependencies in R code
Result: NOTE
    Namespace in Imports field not imported from: ‘digest’
     All declared Imports should be used.
Flavors: r-devel-linux-x86_64-fedora-clang, r-devel-linux-x86_64-fedora-gcc, r-devel-windows-x86_64-new-TK, r-patched-solaris-x86, r-release-macos-arm64, r-release-macos-x86_64, r-oldrel-macos-x86_64