CRAN Package Check Results for Package simfinapi

Last updated on 2024-06-12 22:56:45 CEST.

Flavor Version Tinstall Tcheck Ttotal Status Flags
r-devel-linux-x86_64-debian-clang 1.0.0 4.75 48.46 53.21 OK
r-devel-linux-x86_64-debian-gcc 1.0.0 0.37 1.84 2.21 ERROR
r-devel-linux-x86_64-fedora-clang 1.0.0 69.60 OK
r-devel-linux-x86_64-fedora-gcc 1.0.0 76.97 OK
r-devel-windows-x86_64 1.0.0 5.00 58.00 63.00 OK
r-patched-linux-x86_64 1.0.0 7.29 46.45 53.74 OK
r-release-linux-x86_64 1.0.0 4.65 47.47 52.12 OK
r-release-macos-arm64 1.0.0 30.00 OK
r-release-macos-x86_64 1.0.0 46.00 OK
r-release-windows-x86_64 1.0.0 6.00 58.00 64.00 OK
r-oldrel-macos-arm64 1.0.0 34.00 OK
r-oldrel-macos-x86_64 1.0.0 71.00 OK
r-oldrel-windows-x86_64 1.0.0 6.00 61.00 67.00 OK

Check Details

Version: 1.0.0
Check: package dependencies
Result: ERROR Package required but not available: ‘httr2’ Package suggested but not available for checking: ‘testthat’ See section ‘The DESCRIPTION file’ in the ‘Writing R Extensions’ manual. Flavor: r-devel-linux-x86_64-debian-gcc