CRAN Package Check Results for Package simglm

Last updated on 2021-08-04 22:55:34 CEST.

Flavor Version Tinstall Tcheck Ttotal Status Flags
r-devel-linux-x86_64-debian-clang 0.8.0 13.57 172.77 186.34 OK
r-devel-linux-x86_64-debian-gcc 0.8.0 9.93 127.86 137.79 OK
r-devel-linux-x86_64-fedora-clang 0.8.0 224.53 OK
r-devel-linux-x86_64-fedora-gcc 0.8.0 212.61 OK
r-devel-windows-x86_64 0.8.0 31.00 195.00 226.00 OK
r-devel-windows-x86_64-gcc10-UCRT 0.8.0 OK
r-patched-linux-x86_64 0.8.0 12.31 159.80 172.11 OK
r-patched-solaris-x86 0.8.0 277.40 OK
r-release-linux-x86_64 0.8.0 12.58 159.89 172.47 OK
r-release-macos-arm64 0.8.0 WARN
r-release-macos-x86_64 0.8.0 OK
r-release-windows-ix86+x86_64 0.8.0 29.00 196.00 225.00 OK
r-oldrel-macos-x86_64 0.8.0 OK
r-oldrel-windows-ix86+x86_64 0.8.0 30.00 210.00 240.00 OK

Check Details

Version: 0.8.0
Check: re-building of vignette outputs
Result: WARN
    Error(s) in re-building vignettes:
     ...
    --- re-building ‘simulation_arguments.Rmd’ using rmarkdown
    Warning in engine$weave(file, quiet = quiet, encoding = enc) :
     Pandoc (>= 1.12.3) not available. Falling back to R Markdown v1.
    Quitting from lines 111-116 (simulation_arguments.Rmd)
    Error: processing vignette 'simulation_arguments.Rmd' failed with diagnostics:
    polygon edge not found
    --- failed re-building ‘simulation_arguments.Rmd’
    
    --- re-building ‘tidy_simulation.Rmd’ using rmarkdown
    Warning in engine$weave(file, quiet = quiet, encoding = enc) :
     Pandoc (>= 1.12.3) not available. Falling back to R Markdown v1.
    --- finished re-building ‘tidy_simulation.Rmd’
    
    SUMMARY: processing the following file failed:
     ‘simulation_arguments.Rmd’
    
    Error: Vignette re-building failed.
    Execution halted
Flavor: r-release-macos-arm64