CRAN Package Check Results for Package simpleCache

Last updated on 2021-05-17 22:56:40 CEST.

Flavor Version Tinstall Tcheck Ttotal Status Flags
r-devel-linux-x86_64-debian-clang 0.4.2 2.32 57.89 60.21 OK
r-devel-linux-x86_64-debian-gcc 0.4.2 1.76 48.39 50.15 OK
r-devel-linux-x86_64-fedora-clang 0.4.2 84.04 OK
r-devel-linux-x86_64-fedora-gcc 0.4.2 71.35 OK
r-devel-windows-ix86+x86_64 0.4.2 6.00 67.00 73.00 OK
r-devel-windows-x86_64-gcc10-UCRT 0.4.2 ERROR
r-patched-linux-x86_64 0.4.2 2.59 57.48 60.07 OK
r-patched-solaris-x86 0.4.2 107.50 OK
r-release-linux-x86_64 0.4.2 2.00 57.44 59.44 OK
r-release-macos-x86_64 0.4.2 OK
r-release-windows-ix86+x86_64 0.4.2 4.00 68.00 72.00 OK
r-oldrel-macos-x86_64 0.4.2 OK
r-oldrel-windows-ix86+x86_64 0.4.2 3.00 91.00 94.00 OK

Check Details

Version: 0.4.2
Check: tests
Result: ERROR
     Running 'testthat.R'
    Running the tests in 'tests/testthat.R' failed.
    Complete output:
     > library(testthat)
     > library(simpleCache)
     >
     > test_check("simpleCache")
     == Failed tests ================================================================
     -- Failure (test_cache_lifespan.R:123:3): Direct lifespan specification is preferred to background option --
     `t0` not equal to file.info(fp)$ctime.
     1/1 mismatches
     [1] 2021-05-16 06:52:22 - 2021-05-16 06:52:22 == 0.0156 secs
    
     [ FAIL 1 | WARN 0 | SKIP 0 | PASS 66 ]
     Error: Test failures
     Execution halted
Flavor: r-devel-windows-x86_64-gcc10-UCRT