Last updated on 2023-09-20 21:53:03 CEST.
Flavor | Version | Tinstall | Tcheck | Ttotal | Status | Flags |
---|---|---|---|---|---|---|
r-devel-linux-x86_64-debian-clang | 7.1.0 | 9.68 | 93.42 | 103.10 | NOTE | |
r-devel-linux-x86_64-debian-gcc | 7.1.0 | 6.84 | 67.18 | 74.02 | NOTE | |
r-devel-linux-x86_64-fedora-clang | 7.1.0 | 125.10 | NOTE | |||
r-devel-linux-x86_64-fedora-gcc | 7.1.0 | 132.75 | NOTE | |||
r-devel-windows-x86_64 | 7.1.0 | 12.00 | 86.00 | 98.00 | NOTE | |
r-patched-linux-x86_64 | 7.1.0 | 10.77 | 85.83 | 96.60 | OK | |
r-release-linux-x86_64 | 7.1.0 | 6.94 | 86.00 | 92.94 | OK | |
r-release-macos-arm64 | 7.1.0 | 43.00 | OK | |||
r-release-macos-x86_64 | 7.1.0 | 112.00 | OK | |||
r-release-windows-x86_64 | 7.1.0 | 14.00 | 102.00 | 116.00 | OK | |
r-oldrel-macos-arm64 | 7.1.0 | 52.00 | OK | |||
r-oldrel-macos-x86_64 | 7.1.0 | 54.00 | OK | |||
r-oldrel-windows-x86_64 | 7.1.0 | 15.00 | 110.00 | 125.00 | OK |
Version: 7.1.0
Check: Rd \usage sections
Result: NOTE
Documented arguments not in \usage in documentation object 'interval_labels':
‘format’
Functions with \usage entries need to have the appropriate \alias
entries, and all their arguments documented.
The \usage entries must correspond to syntactically valid R code.
See chapter ‘Writing R documentation files’ in the ‘Writing R
Extensions’ manual.
Flavors: r-devel-linux-x86_64-debian-clang, r-devel-linux-x86_64-debian-gcc, r-devel-linux-x86_64-fedora-clang, r-devel-linux-x86_64-fedora-gcc, r-devel-windows-x86_64