CRAN Package Check Results for Package simputation

Last updated on 2020-02-24 22:50:38 CET.

Flavor Version Tinstall Tcheck Ttotal Status Flags
r-devel-linux-x86_64-debian-clang 0.2.3 4.30 46.72 51.02 ERROR
r-devel-linux-x86_64-debian-gcc 0.2.3 3.02 35.64 38.66 OK
r-devel-linux-x86_64-fedora-clang 0.2.3 63.12 OK
r-devel-linux-x86_64-fedora-gcc 0.2.3 57.52 OK
r-devel-windows-ix86+x86_64 0.2.3 11.00 65.00 76.00 OK
r-devel-windows-ix86+x86_64-gcc8 0.2.3 17.00 64.00 81.00 OK
r-patched-linux-x86_64 0.2.3 3.23 40.86 44.09 OK
r-patched-solaris-x86 0.2.3 70.90 OK
r-release-linux-x86_64 0.2.3 3.40 40.47 43.87 OK
r-release-windows-ix86+x86_64 0.2.3 10.00 67.00 77.00 OK
r-release-osx-x86_64 0.2.3 OK
r-oldrel-windows-ix86+x86_64 0.2.3 12.00 66.00 78.00 OK
r-oldrel-osx-x86_64 0.2.3 OK

Check Details

Version: 0.2.3
Check: tests
Result: ERROR
     Running 'tinytest.R' [14s/15s]
    Running the tests in 'tests/tinytest.R' failed.
    Complete output:
     > if ( require("tinytest", quietly=TRUE) ){
     + test_package("simputation")
     + }
    
     Running test_em.R..................... 0 tests
     Running test_em.R..................... 7 tests <1b>[0;32mOK<1b>[0m missForest iteration 1 in progress...done!
     missForest iteration 2 in progress...done!
     missForest iteration 3 in progress...done!
     missForest iteration 1 in progress...done!
     missForest iteration 2 in progress...done!
     missForest iteration 3 in progress...done!
     missForest iteration 4 in progress...done!
     missForest iteration 5 in progress...done!
    
     Running test_em.R..................... 10 tests <1b>[0;32mOK<1b>[0m
    
     Running test_foretell.R............... 0 tests
     Running test_foretell.R............... 1 tests <1b>[0;32mOK<1b>[0m
     Running test_foretell.R............... 1 tests <1b>[0;32mOK<1b>[0m
     Running test_foretell.R............... 2 tests <1b>[0;32mOK<1b>[0m
     Running test_foretell.R............... 2 tests <1b>[0;32mOK<1b>[0m
     Running test_foretell.R............... 2 tests <1b>[0;32mOK<1b>[0m
     Running test_foretell.R............... 3 tests <1b>[0;32mOK<1b>[0m
     Running test_foretell.R............... 3 tests <1b>[0;32mOK<1b>[0m
     Running test_foretell.R............... 4 tests <1b>[0;32mOK<1b>[0m
     Running test_foretell.R............... 4 tests <1b>[0;32mOK<1b>[0m
     Running test_foretell.R............... 4 tests <1b>[0;32mOK<1b>[0m
     Running test_foretell.R............... 5 tests <1b>[0;32mOK<1b>[0m
    
     Running test_hd.R..................... 0 tests
     Running test_hd.R..................... 1 tests <1b>[0;32mOK<1b>[0m
     Running test_hd.R..................... 2 tests <1b>[0;32mOK<1b>[0m
     Running test_hd.R..................... 3 tests <1b>[0;32mOK<1b>[0m
     Running test_hd.R..................... 4 tests <1b>[0;32mOK<1b>[0m
     Running test_hd.R..................... 5 tests <1b>[0;32mOK<1b>[0m
     Running test_hd.R..................... 5 tests <1b>[0;32mOK<1b>[0m
     Running test_hd.R..................... 6 tests <1b>[0;32mOK<1b>[0m
     Running test_hd.R..................... 7 tests <1b>[0;32mOK<1b>[0m
     Running test_hd.R..................... 8 tests <1b>[0;32mOK<1b>[0m
     Running test_hd.R..................... 9 tests <1b>[0;32mOK<1b>[0m
     Running test_hd.R..................... 9 tests <1b>[0;32mOK<1b>[0m
     Running test_hd.R..................... 10 tests <1b>[0;32mOK<1b>[0m
     Running test_hd.R..................... 11 tests <1b>[0;32mOK<1b>[0m
     Running test_hd.R..................... 11 tests <1b>[0;32mOK<1b>[0m
     Running test_hd.R..................... 11 tests <1b>[0;32mOK<1b>[0m
     Running test_hd.R..................... 12 tests <1b>[0;32mOK<1b>[0m
     Running test_hd.R..................... 13 tests <1b>[0;32mOK<1b>[0m
     Running test_hd.R..................... 14 tests <1b>[0;32mOK<1b>[0m
     Running test_hd.R..................... 14 tests <1b>[0;32mOK<1b>[0m
     Running test_hd.R..................... 15 tests <1b>[0;32mOK<1b>[0m
     Running test_hd.R..................... 15 tests <1b>[0;32mOK<1b>[0m
     Running test_hd.R..................... 16 tests <1b>[0;32mOK<1b>[0m
     Running test_hd.R..................... 17 tests <1b>[0;32mOK<1b>[0m
     Running test_hd.R..................... 17 tests <1b>[0;32mOK<1b>[0m
     Running test_hd.R..................... 17 tests <1b>[0;32mOK<1b>[0m
     Running test_hd.R..................... 23 tests <1b>[0;32mOK<1b>[0m
     Running test_hd.R..................... 23 tests <1b>[0;32mOK<1b>[0m
     Running test_hd.R..................... 29 tests <1b>[0;32mOK<1b>[0m
     Running test_hd.R..................... 29 tests <1b>[0;32mOK<1b>[0m
     Running test_hd.R..................... 35 tests <1b>[0;32mOK<1b>[0m
     Running test_hd.R..................... 35 tests <1b>[0;32mOK<1b>[0m
     Running test_hd.R..................... 41 tests <1b>[0;32mOK<1b>[0m
     Running test_hd.R..................... 45 tests <1b>[0;32mOK<1b>[0m
    
     Running test_imputemodels.R........... 0 tests
     Running test_imputemodels.R........... 0 tests
     Running test_imputemodels.R........... 0 tests
     Running test_imputemodels.R........... 1 tests <1b>[0;32mOK<1b>[0m
     Running test_imputemodels.R........... 1 tests <1b>[0;32mOK<1b>[0m
     Running test_imputemodels.R........... 2 tests <1b>[0;32mOK<1b>[0m
     Running test_imputemodels.R........... 2 tests <1b>[0;32mOK<1b>[0m
     Running test_imputemodels.R........... 2 tests <1b>[0;32mOK<1b>[0m
     Running test_imputemodels.R........... 3 tests <1b>[0;32mOK<1b>[0m
     Running test_imputemodels.R........... 3 tests <1b>[0;32mOK<1b>[0m
     Running test_imputemodels.R........... 4 tests <1b>[0;32mOK<1b>[0m
    
     Running test_lm.R..................... 1 tests <1b>[0;32mOK<1b>[0m
     Running test_lm.R..................... 2 tests <1b>[0;32mOK<1b>[0m
     Running test_lm.R..................... 3 tests <1b>[0;32mOK<1b>[0m
     Running test_lm.R..................... 4 tests <1b>[0;32mOK<1b>[0m
     Running test_lm.R..................... 5 tests <1b>[0;32mOK<1b>[0m
     Running test_lm.R..................... 6 tests <1b>[0;32mOK<1b>[0m
     Running test_lm.R..................... 7 tests <1b>[0;32mOK<1b>[0m
     Running test_lm.R..................... 8 tests <1b>[0;32mOK<1b>[0m
     Running test_lm.R..................... 9 tests <1b>[0;32mOK<1b>[0m
     Running test_lm.R..................... 10 tests <1b>[0;32mOK<1b>[0m
     Running test_lm.R..................... 11 tests <1b>[0;32mOK<1b>[0m
     Running test_lm.R..................... 12 tests <1b>[0;32mOK<1b>[0m
     Running test_lm.R..................... 13 tests <1b>[0;32mOK<1b>[0m
     Running test_lm.R..................... 14 tests <1b>[0;32mOK<1b>[0m
     Running test_lm.R..................... 14 tests <1b>[0;32mOK<1b>[0m
     Running test_lm.R..................... 14 tests <1b>[0;32mOK<1b>[0m
     Running test_lm.R..................... 14 tests <1b>[0;32mOK<1b>[0m
     Running test_lm.R..................... 14 tests <1b>[0;32mOK<1b>[0m
     Running test_lm.R..................... 14 tests <1b>[0;32mOK<1b>[0m
     Running test_lm.R..................... 34 tests <1b>[0;32mOK<1b>[0m
     Running test_lm.R..................... 34 tests <1b>[0;32mOK<1b>[0m
     Running test_lm.R..................... 50 tests <1b>[0;32mOK<1b>[0m
     Running test_lm.R..................... 54 tests <1b>[0;32mOK<1b>[0m
     Running test_lm.R..................... 54 tests <1b>[0;32mOK<1b>[0m
     Running test_lm.R..................... 54 tests <1b>[0;32mOK<1b>[0m
     Running test_lm.R..................... 54 tests <1b>[0;32mOK<1b>[0m
     Running test_lm.R..................... 54 tests <1b>[0;32mOK<1b>[0m
     Running test_lm.R..................... 55 tests <1b>[0;32mOK<1b>[0m
     Running test_lm.R..................... 56 tests <1b>[0;32mOK<1b>[0m
     Running test_lm.R..................... 57 tests <1b>[0;32mOK<1b>[0m
     Running test_lm.R..................... 58 tests <1b>[0;32mOK<1b>[0m
     Running test_lm.R..................... 59 tests <1b>[0;32mOK<1b>[0m
     Running test_lm.R..................... 59 tests <1b>[0;32mOK<1b>[0m
     Running test_lm.R..................... 59 tests <1b>[0;32mOK<1b>[0m
     Running test_lm.R..................... 59 tests <1b>[0;32mOK<1b>[0m
     Running test_lm.R..................... 60 tests <1b>[0;32mOK<1b>[0m
     Running test_lm.R..................... 61 tests <1b>[0;32mOK<1b>[0m
     Running test_lm.R..................... 62 tests <1b>[0;32mOK<1b>[0m
     Running test_lm.R..................... 63 tests <1b>[0;32mOK<1b>[0m
     Running test_lm.R..................... 63 tests <1b>[0;32mOK<1b>[0m
     Running test_lm.R..................... 63 tests <1b>[0;32mOK<1b>[0m
     Running test_lm.R..................... 63 tests <1b>[0;32mOK<1b>[0m
     Running test_lm.R..................... 64 tests <1b>[0;32mOK<1b>[0m
    
     Running test_median.R................. 0 tests
     Running test_median.R................. 0 tests
     Running test_median.R................. 0 tests
     Running test_median.R................. 0 tests
     Running test_median.R................. 0 tests 2.8 3 3.4
    
     Running test_median.R................. 0 tests
    
     Running test_tree.R................... 0 tests
     Running test_tree.R................... 0 tests
     Running test_tree.R................... 1 tests <1b>[0;31m1 fails<1b>[0m
     Running test_tree.R................... 1 tests <1b>[0;31m1 fails<1b>[0m
     Running test_tree.R................... 1 tests <1b>[0;31m1 fails<1b>[0m
     Running test_tree.R................... 2 tests <1b>[0;31m1 fails<1b>[0m
     Running test_tree.R................... 2 tests <1b>[0;31m1 fails<1b>[0m
     Running test_tree.R................... 2 tests <1b>[0;31m1 fails<1b>[0m
     Running test_tree.R................... 2 tests <1b>[0;31m1 fails<1b>[0m
     Running test_tree.R................... 2 tests <1b>[0;31m1 fails<1b>[0m
     Running test_tree.R................... 3 tests <1b>[0;31m1 fails<1b>[0m
     Running test_tree.R................... 4 tests <1b>[0;31m2 fails<1b>[0m
     Running test_tree.R................... 5 tests <1b>[0;31m2 fails<1b>[0m
     Running test_tree.R................... 6 tests <1b>[0;31m2 fails<1b>[0m
     Running test_tree.R................... 7 tests <1b>[0;31m2 fails<1b>[0m
     Running test_tree.R................... 8 tests <1b>[0;31m2 fails<1b>[0m
     Running test_tree.R................... 9 tests <1b>[0;31m2 fails<1b>[0m
     Running test_tree.R................... 13 tests <1b>[0;31m2 fails<1b>[0m
     Running test_tree.R................... 13 tests <1b>[0;31m2 fails<1b>[0m
     Running test_tree.R................... 13 tests <1b>[0;31m2 fails<1b>[0m
     Running test_tree.R................... 14 tests <1b>[0;31m2 fails<1b>[0m
     Running test_tree.R................... 15 tests <1b>[0;31m2 fails<1b>[0m
    
     Running test_utils.R.................. 0 tests
     Running test_utils.R.................. 0 tests
     Running test_utils.R.................. 0 tests
     Running test_utils.R.................. 1 tests <1b>[0;32mOK<1b>[0m
     Running test_utils.R.................. 1 tests <1b>[0;32mOK<1b>[0m
     Running test_utils.R.................. 1 tests <1b>[0;32mOK<1b>[0m
     Running test_utils.R.................. 2 tests <1b>[0;32mOK<1b>[0m
     Running test_utils.R.................. 3 tests <1b>[0;32mOK<1b>[0m
     Error: ----- FAILED[data]: test_tree.R<10--13>
     call| expect_equal(current = impute_cart(dat, x ~ y), target = data.frame(x = rep(c("a",
     call| "b"), each = 50), y = 1:100))
     diff| Component "x": 2 string mismatches
     ----- FAILED[data]: test_tree.R<34--34>
     call| expect_true(is.factor(impute_cart(dat, z ~ p)[, "z"]))
     diff| Expected TRUE, got FALSE
     Execution halted
Flavor: r-devel-linux-x86_64-debian-clang