CRAN Package Check Results for Package simrel

Last updated on 2019-09-15 22:49:33 CEST.

Flavor Version Tinstall Tcheck Ttotal Status Flags
r-devel-linux-x86_64-debian-clang 2.0 7.63 81.59 89.22 OK
r-devel-linux-x86_64-debian-gcc 2.0 7.53 62.11 69.64 OK
r-devel-linux-x86_64-fedora-clang 2.0 105.81 OK
r-devel-linux-x86_64-fedora-gcc 2.0 99.21 OK
r-devel-windows-ix86+x86_64 2.0 32.00 91.00 123.00 OK
r-patched-linux-x86_64 2.0 7.67 79.03 86.70 OK
r-patched-solaris-x86 2.0 154.00 OK
r-release-linux-x86_64 2.0 6.89 77.27 84.16 OK
r-release-windows-ix86+x86_64 2.0 14.00 87.00 101.00 ERROR
r-release-osx-x86_64 2.0 OK
r-oldrel-windows-ix86+x86_64 2.0 20.00 129.00 149.00 OK
r-oldrel-osx-x86_64 2.0 OK

Check Details

Version: 2.0
Check: whether package can be installed
Result: ERROR
    Installation failed.
Flavor: r-release-windows-ix86+x86_64