CRAN Package Check Results for Package sims

Last updated on 2021-08-01 22:50:04 CEST.

Flavor Version Tinstall Tcheck Ttotal Status Flags
r-devel-linux-x86_64-debian-clang 0.0.2 3.32 49.12 52.44 NOTE
r-devel-linux-x86_64-debian-gcc 0.0.2 2.80 38.75 41.55 NOTE
r-devel-linux-x86_64-fedora-clang 0.0.2 71.88 NOTE
r-devel-linux-x86_64-fedora-gcc 0.0.2 62.45 NOTE
r-devel-windows-x86_64 0.0.2 5.00 87.00 92.00 NOTE
r-devel-windows-x86_64-gcc10-UCRT 0.0.2 FAIL
r-patched-linux-x86_64 0.0.2 NOTE
r-patched-solaris-x86 0.0.2 142.50 NOTE
r-release-linux-x86_64 0.0.2 3.52 47.85 51.37 NOTE
r-release-macos-arm64 0.0.2 ERROR
r-release-macos-x86_64 0.0.2 NOTE
r-release-windows-ix86+x86_64 0.0.2 9.00 84.00 93.00 NOTE
r-oldrel-macos-x86_64 0.0.2 OK
r-oldrel-windows-ix86+x86_64 0.0.2 7.00 90.00 97.00 OK

Check Details

Version: 0.0.2
Check: LazyData
Result: NOTE
     'LazyData' is specified without a 'data' directory
Flavors: r-devel-linux-x86_64-debian-clang, r-devel-linux-x86_64-debian-gcc, r-devel-linux-x86_64-fedora-clang, r-devel-linux-x86_64-fedora-gcc, r-devel-windows-x86_64, r-devel-windows-x86_64-gcc10-UCRT, r-patched-linux-x86_64, r-patched-solaris-x86, r-release-linux-x86_64, r-release-macos-arm64, r-release-macos-x86_64, r-release-windows-ix86+x86_64

Version: 0.0.2
Check: re-building of vignette outputs
Result: FAIL
Flavor: r-devel-windows-x86_64-gcc10-UCRT

Version: 0.0.2
Check: package dependencies
Result: NOTE
    Package suggested but not available for checking: ‘rjags’
Flavor: r-release-macos-arm64

Version: 0.0.2
Check: examples
Result: ERROR
    Running examples in ‘sims-Ex.R’ failed
    The error most likely occurred in:
    
    > ### Name: sims_check
    > ### Title: Check Simulated Data
    > ### Aliases: sims_check
    >
    > ### ** Examples
    >
    > set.seed(10)
    > sims_simulate("a ~ dunif(0,1)",
    + save = TRUE, path = tempdir(), exists = NA,
    + ask = FALSE
    + )
    Error: Package 'rjags' must be installed to simulate data using JAGS code.
    Backtrace:
     █
     1. └─sims::sims_simulate(...)
     2. └─sims:::generate_datasets(...)
     3. └─chk::err("Package 'rjags' must be installed to simulate data using JAGS code.")
     4. └─rlang::exec(abort, msg, .subclass = .subclass, !!!args[named])
    Execution halted
Flavor: r-release-macos-arm64

Version: 0.0.2
Check: tests
Result: ERROR
     Running ‘testthat.R’ [2s/4s]
    Running the tests in ‘tests/testthat.R’ failed.
    Last 13 lines of output:
     3. └─chk::err("Package 'rjags' must be installed to simulate data using JAGS code.")
     4. └─rlang::exec(abort, msg, .subclass = .subclass, !!!args[named])
     ── Error (test-simulate.R:1131:3): progress ────────────────────────────────────
     Error: Package 'rjags' must be installed to simulate data using JAGS code.
     Backtrace:
     █
     1. ├─progressr::with_progress(...) test-simulate.R:1131:2
     2. └─sims::sims_simulate("a ~ dunif(0,1)", nsims = 1L)
     3. └─sims:::generate_datasets(...)
     4. └─chk::err("Package 'rjags' must be installed to simulate data using JAGS code.")
     5. └─rlang::exec(abort, msg, .subclass = .subclass, !!!args[named])
    
     [ FAIL 36 | WARN 0 | SKIP 1 | PASS 70 ]
     Error: Test failures
     Execution halted
Flavor: r-release-macos-arm64

Version: 0.0.2
Check: re-building of vignette outputs
Result: WARN
    Error(s) in re-building vignettes:
     ...
    --- re-building ‘sims.Rmd’ using rmarkdown
    Warning in engine$weave(file, quiet = quiet, encoding = enc) :
     Pandoc (>= 1.12.3) not available. Falling back to R Markdown v1.
    Quitting from lines 24-27 (sims.Rmd)
    Error: processing vignette 'sims.Rmd' failed with diagnostics:
    Package 'rjags' must be installed to simulate data using JAGS code.
    --- failed re-building ‘sims.Rmd’
    
    SUMMARY: processing the following file failed:
     ‘sims.Rmd’
    
    Error: Vignette re-building failed.
    Execution halted
Flavor: r-release-macos-arm64