CRAN Package Check Results for Package simts

Last updated on 2021-08-02 22:54:50 CEST.

Flavor Version Tinstall Tcheck Ttotal Status Flags
r-devel-linux-x86_64-debian-clang 0.1.1 539.42 130.25 669.67 OK
r-devel-linux-x86_64-debian-gcc 0.1.1 342.55 95.83 438.38 OK
r-devel-linux-x86_64-fedora-clang 0.1.1 912.06 NOTE
r-devel-linux-x86_64-fedora-gcc 0.1.1 828.80 OK
r-devel-windows-x86_64 0.1.1 544.00 162.00 706.00 NOTE
r-devel-windows-x86_64-gcc10-UCRT 0.1.1 OK
r-patched-linux-x86_64 0.1.1 OK
r-patched-solaris-x86 0.1.1 693.90 OK
r-release-linux-x86_64 0.1.1 407.79 123.44 531.23 OK
r-release-macos-arm64 0.1.1 NOTE
r-release-macos-x86_64 0.1.1 NOTE
r-release-windows-ix86+x86_64 0.1.1 1159.00 218.00 1377.00 NOTE
r-oldrel-macos-x86_64 0.1.1 NOTE
r-oldrel-windows-ix86+x86_64 0.1.1 1030.00 230.00 1260.00 NOTE

Check Details

Version: 0.1.1
Check: installed package size
Result: NOTE
     installed size is 22.5Mb
     sub-directories of 1Mb or more:
     doc 2.1Mb
     libs 19.4Mb
Flavors: r-devel-linux-x86_64-fedora-clang, r-devel-windows-x86_64, r-release-macos-arm64, r-release-macos-x86_64, r-release-windows-ix86+x86_64, r-oldrel-macos-x86_64, r-oldrel-windows-ix86+x86_64