Last updated on 2023-09-28 23:08:59 CEST.
Flavor | Version | Tinstall | Tcheck | Ttotal | Status | Flags |
---|---|---|---|---|---|---|
r-devel-linux-x86_64-debian-clang | 0.1.1 | 58.82 | 152.04 | 210.86 | NOTE | |
r-devel-linux-x86_64-debian-gcc | 0.1.1 | 38.34 | 107.33 | 145.67 | NOTE | |
r-devel-linux-x86_64-fedora-clang | 0.1.1 | 272.69 | NOTE | |||
r-devel-linux-x86_64-fedora-gcc | 0.1.1 | 279.97 | NOTE | |||
r-devel-windows-x86_64 | 0.1.1 | 44.00 | 148.00 | 192.00 | NOTE | |
r-patched-linux-x86_64 | 0.1.1 | 39.28 | 130.70 | 169.98 | NOTE | |
r-release-linux-x86_64 | 0.1.1 | 37.65 | 139.23 | 176.88 | NOTE | |
r-release-macos-arm64 | 0.1.1 | 80.00 | NOTE | |||
r-release-macos-x86_64 | 0.1.1 | 134.00 | NOTE | |||
r-release-windows-x86_64 | 0.1.1 | 60.00 | 182.00 | 242.00 | NOTE | |
r-oldrel-macos-arm64 | 0.1.1 | 68.00 | NOTE | |||
r-oldrel-macos-x86_64 | 0.1.1 | 93.00 | NOTE | |||
r-oldrel-windows-x86_64 | 0.1.1 | 56.00 | 171.00 | 227.00 | OK |
Version: 0.1.1
Check: C++ specification
Result: NOTE
Specified C++11: please drop specification unless essential
Flavors: r-devel-linux-x86_64-debian-clang, r-devel-linux-x86_64-debian-gcc, r-devel-linux-x86_64-fedora-clang, r-devel-linux-x86_64-fedora-gcc, r-devel-windows-x86_64, r-patched-linux-x86_64, r-release-linux-x86_64, r-release-macos-arm64, r-release-macos-x86_64, r-release-windows-x86_64
Version: 0.1.1
Check: installed package size
Result: NOTE
installed size is 5.5Mb
sub-directories of 1Mb or more:
data 2.3Mb
libs 2.8Mb
Flavors: r-release-macos-arm64, r-release-macos-x86_64, r-oldrel-macos-arm64, r-oldrel-macos-x86_64