Last updated on 2023-09-29 21:54:06 CEST.
Flavor | Version | Tinstall | Tcheck | Ttotal | Status | Flags |
---|---|---|---|---|---|---|
r-devel-linux-x86_64-debian-clang | 3.13-228 | 383.85 | 413.96 | 797.81 | OK | |
r-devel-linux-x86_64-debian-gcc | 3.13-228 | 263.54 | 307.05 | 570.59 | OK | |
r-devel-linux-x86_64-fedora-clang | 3.13-228 | 1133.70 | NOTE | |||
r-devel-linux-x86_64-fedora-gcc | 3.13-228 | 1140.23 | OK | |||
r-devel-windows-x86_64 | 3.13-228 | 274.00 | 346.00 | 620.00 | NOTE | |
r-patched-linux-x86_64 | 3.13-228 | 380.59 | 357.38 | 737.97 | OK | |
r-release-linux-x86_64 | 3.13-228 | 372.28 | 381.22 | 753.50 | OK | |
r-release-macos-arm64 | 3.13-228 | 199.00 | NOTE | |||
r-release-macos-x86_64 | 3.13-228 | 316.00 | NOTE | |||
r-release-windows-x86_64 | 3.13-228 | 362.00 | 440.00 | 802.00 | NOTE | |
r-oldrel-macos-arm64 | 3.13-228 | 169.00 | NOTE | |||
r-oldrel-macos-x86_64 | 3.13-228 | 283.00 | NOTE | |||
r-oldrel-windows-x86_64 | 3.13-228 | 344.00 | 421.00 | 765.00 | NOTE |
Version: 3.13-228
Check: installed package size
Result: NOTE
installed size is 5.2Mb
sub-directories of 1Mb or more:
R 2.2Mb
Flavors: r-devel-linux-x86_64-fedora-clang, r-devel-windows-x86_64, r-release-macos-arm64, r-release-macos-x86_64, r-release-windows-x86_64, r-oldrel-macos-arm64, r-oldrel-macos-x86_64, r-oldrel-windows-x86_64