CRAN Package Check Results for Package siteymlgen

Last updated on 2021-05-16 22:50:07 CEST.

Flavor Version Tinstall Tcheck Ttotal Status Flags
r-devel-linux-x86_64-debian-clang 1.0.0 2.35 26.41 28.76 NOTE
r-devel-linux-x86_64-debian-gcc 1.0.0 1.86 21.13 22.99 NOTE
r-devel-linux-x86_64-fedora-clang 1.0.0 46.09 NOTE
r-devel-linux-x86_64-fedora-gcc 1.0.0 35.05 NOTE
r-devel-windows-ix86+x86_64 1.0.0 8.00 33.00 41.00 NOTE
r-devel-windows-x86_64-gcc10-UCRT 1.0.0 NOTE
r-patched-linux-x86_64 1.0.0 2.45 26.24 28.69 NOTE
r-patched-solaris-x86 1.0.0 52.10 NOTE
r-release-linux-x86_64 1.0.0 2.22 25.91 28.13 OK
r-release-macos-x86_64 1.0.0 NOTE
r-release-windows-ix86+x86_64 1.0.0 5.00 32.00 37.00 OK
r-oldrel-macos-x86_64 1.0.0 NOTE
r-oldrel-windows-ix86+x86_64 1.0.0 3.00 42.00 45.00 OK

Check Details

Version: 1.0.0
Check: LazyData
Result: NOTE
     'LazyData' is specified without a 'data' directory
Flavors: r-devel-linux-x86_64-debian-clang, r-devel-linux-x86_64-debian-gcc, r-devel-linux-x86_64-fedora-clang, r-devel-linux-x86_64-fedora-gcc, r-devel-windows-ix86+x86_64, r-devel-windows-x86_64-gcc10-UCRT, r-patched-linux-x86_64, r-patched-solaris-x86

Version: 1.0.0
Check: dependencies in R code
Result: NOTE
    Namespaces in Imports field not imported from:
     ‘data.table’ ‘dplyr’ ‘lubridate’ ‘rmarkdown’ ‘yaml’
     All declared Imports should be used.
Flavors: r-devel-linux-x86_64-fedora-clang, r-devel-linux-x86_64-fedora-gcc, r-devel-windows-x86_64-gcc10-UCRT, r-patched-solaris-x86, r-release-macos-x86_64, r-oldrel-macos-x86_64