CRAN Package Check Results for Package sitmo

Last updated on 2021-07-29 00:49:26 CEST.

Flavor Version Tinstall Tcheck Ttotal Status Flags
r-devel-linux-x86_64-debian-clang 2.0.1 NOTE
r-devel-linux-x86_64-debian-gcc 2.0.1 19.67 46.03 65.70 NOTE
r-devel-linux-x86_64-fedora-clang 2.0.1 134.14 NOTE
r-devel-linux-x86_64-fedora-gcc 2.0.1 115.24 NOTE
r-devel-windows-x86_64 2.0.1 36.00 92.00 128.00 NOTE
r-devel-windows-x86_64-gcc10-UCRT 2.0.1 NOTE
r-patched-linux-x86_64 2.0.1 25.58 59.11 84.69 NOTE
r-patched-solaris-x86 2.0.1 180.40 NOTE
r-release-linux-x86_64 2.0.1 25.25 59.77 85.02 NOTE
r-release-macos-arm64 2.0.1 WARN
r-release-macos-x86_64 2.0.1 NOTE
r-release-windows-ix86+x86_64 2.0.1 79.00 107.00 186.00 NOTE
r-oldrel-macos-x86_64 2.0.1 OK
r-oldrel-windows-ix86+x86_64 2.0.1 61.00 116.00 177.00 OK

Check Details

Version: 2.0.1
Check: LazyData
Result: NOTE
     'LazyData' is specified without a 'data' directory
Flavors: r-devel-linux-x86_64-debian-clang, r-devel-linux-x86_64-debian-gcc, r-devel-linux-x86_64-fedora-clang, r-devel-linux-x86_64-fedora-gcc, r-devel-windows-x86_64, r-devel-windows-x86_64-gcc10-UCRT, r-patched-linux-x86_64, r-patched-solaris-x86, r-release-linux-x86_64, r-release-macos-arm64, r-release-macos-x86_64, r-release-windows-ix86+x86_64

Version: 2.0.1
Check: re-building of vignette outputs
Result: WARN
    Error(s) in re-building vignettes:
     ...
    --- re-building ‘big_crush_test.Rmd’ using rmarkdown
    Warning in engine$weave(file, quiet = quiet, encoding = enc) :
     Pandoc (>= 1.12.3) not available. Falling back to R Markdown v1.
    --- finished re-building ‘big_crush_test.Rmd’
    
    --- re-building ‘sitmo_internals.Rmd’ using rmarkdown
    Warning in engine$weave(file, quiet = quiet, encoding = enc) :
     Pandoc (>= 1.12.3) not available. Falling back to R Markdown v1.
    --- finished re-building ‘sitmo_internals.Rmd’
    
    --- re-building ‘uniform_rng_with_sitmo.Rmd’ using rmarkdown
    Warning in engine$weave(file, quiet = quiet, encoding = enc) :
     Pandoc (>= 1.12.3) not available. Falling back to R Markdown v1.
    Quitting from lines 159-163 (uniform_rng_with_sitmo.Rmd)
    Error: processing vignette 'uniform_rng_with_sitmo.Rmd' failed with diagnostics:
    polygon edge not found
    --- failed re-building ‘uniform_rng_with_sitmo.Rmd’
    
    SUMMARY: processing the following file failed:
     ‘uniform_rng_with_sitmo.Rmd’
    
    Error: Vignette re-building failed.
    Execution halted
Flavor: r-release-macos-arm64