CRAN Package Check Results for Package skeleSim

Last updated on 2019-08-25 22:47:13 CEST.

Flavor Version Tinstall Tcheck Ttotal Status Flags
r-devel-linux-x86_64-debian-clang 0.9.8 16.86 153.66 170.52 OK
r-devel-linux-x86_64-debian-gcc 0.9.8 16.45 118.75 135.20 OK
r-devel-linux-x86_64-fedora-clang 0.9.8 208.19 OK
r-devel-linux-x86_64-fedora-gcc 0.9.8 223.44 OK
r-devel-windows-ix86+x86_64 0.9.8 67.00 160.00 227.00 OK
r-patched-linux-x86_64 0.9.8 19.08 146.94 166.02 OK
r-patched-solaris-x86 0.9.8 311.80 OK
r-release-linux-x86_64 0.9.8 18.90 148.55 167.45 OK
r-release-windows-ix86+x86_64 0.9.8 87.00 192.00 279.00 WARN
r-release-osx-x86_64 0.9.8 OK
r-oldrel-windows-ix86+x86_64 0.9.8 47.00 217.00 264.00 OK
r-oldrel-osx-x86_64 0.9.8 OK

Check Details

Version: 0.9.8
Check: re-building of vignette outputs
Result: WARN
    Error(s) in re-building vignettes:
    --- re-building 'Forecasting.Rmd' using rmarkdown
    pandoc.exe: Could not fetch https://raw.githubusercontent.com/christianparobek/skeleSim/master/vignettes/Choosermetasim2.png
    HttpExceptionRequest Request {
     host = "raw.githubusercontent.com"
     port = 443
     secure = True
     requestHeaders = []
     path = "/christianparobek/skeleSim/master/vignettes/Choosermetasim2.png"
     queryString = ""
     method = "GET"
     proxy = Nothing
     rawBody = False
     redirectCount = 10
     responseTimeout = ResponseTimeoutDefault
     requestVersion = HTTP/1.1
    }
     (ConnectionFailure Network.Socket.sendBuf: failed (Unknown error))
    Error: processing vignette 'Forecasting.Rmd' failed with diagnostics:
    pandoc document conversion failed with error 67
    --- failed re-building 'Forecasting.Rmd'
    
    --- re-building 'Installing.Rmd' using rmarkdown
    --- finished re-building 'Installing.Rmd'
    
    --- re-building 'SampleSize.Rmd' using rmarkdown
    --- finished re-building 'SampleSize.Rmd'
    
    --- re-building 'Simulating.Rmd' using rmarkdown
    --- finished re-building 'Simulating.Rmd'
    
    SUMMARY: processing the following file failed:
     'Forecasting.Rmd'
    
    Error: Vignette re-building failed.
    Execution halted
Flavor: r-release-windows-ix86+x86_64