CRAN Package Check Results for Package sketch

Last updated on 2023-09-28 23:08:59 CEST.

Flavor Version Tinstall Tcheck Ttotal Status Flags
r-devel-linux-x86_64-debian-clang 1.1.19 6.86 109.54 116.40 NOTE
r-devel-linux-x86_64-debian-gcc 1.1.19 6.26 81.67 87.93 NOTE
r-devel-linux-x86_64-fedora-clang 1.1.19 149.05 NOTE
r-devel-linux-x86_64-fedora-gcc 1.1.19 154.98 NOTE
r-devel-windows-x86_64 1.1.19 9.00 105.00 114.00 NOTE
r-patched-linux-x86_64 1.1.19 7.37 90.45 97.82 OK
r-release-linux-x86_64 1.1.19 8.07 102.58 110.65 OK
r-release-macos-arm64 1.1.19 53.00 OK
r-release-macos-x86_64 1.1.19 85.00 OK
r-release-windows-x86_64 1.1.19 10.00 133.00 143.00 OK
r-oldrel-macos-arm64 1.1.19 31.00 OK
r-oldrel-macos-x86_64 1.1.19 37.00 OK
r-oldrel-windows-x86_64 1.1.19 12.00 118.00 130.00 OK

Check Details

Version: 1.1.19
Check: Rd \usage sections
Result: NOTE
    Documented arguments not in \usage in documentation object 'to_shiny_tag':
     ‘x’
    
    Functions with \usage entries need to have the appropriate \alias
    entries, and all their arguments documented.
    The \usage entries must correspond to syntactically valid R code.
    See chapter ‘Writing R documentation files’ in the ‘Writing R
    Extensions’ manual.
Flavors: r-devel-linux-x86_64-debian-clang, r-devel-linux-x86_64-debian-gcc, r-devel-linux-x86_64-fedora-clang, r-devel-linux-x86_64-fedora-gcc, r-devel-windows-x86_64