CRAN Package Check Results for Package skmeans

Last updated on 2021-06-19 22:56:45 CEST.

Flavor Version Tinstall Tcheck Ttotal Status Flags
r-devel-linux-x86_64-debian-clang 0.2-13 3.55 36.25 39.80 NOTE
r-devel-linux-x86_64-debian-gcc 0.2-13 2.76 28.56 31.32 NOTE
r-devel-linux-x86_64-fedora-clang 0.2-13 56.85 NOTE
r-devel-linux-x86_64-fedora-gcc 0.2-13 46.49 NOTE
r-devel-windows-x86_64 0.2-13 6.00 47.00 53.00 NOTE
r-devel-windows-x86_64-gcc10-UCRT 0.2-13 NOTE
r-patched-linux-x86_64 0.2-13 3.90 34.95 38.85 NOTE
r-patched-solaris-x86 0.2-13 72.00 NOTE
r-release-linux-x86_64 0.2-13 2.62 34.84 37.46 NOTE
r-release-macos-arm64 0.2-13 NOTE
r-release-macos-x86_64 0.2-13 NOTE
r-release-windows-ix86+x86_64 0.2-13 7.00 52.00 59.00 NOTE
r-oldrel-macos-x86_64 0.2-13 NOTE
r-oldrel-windows-ix86+x86_64 0.2-13 5.00 52.00 57.00 NOTE

Check Details

Version: 0.2-13
Check: package dependencies
Result: NOTE
    Package which this enhances but not available for checking: 'kmndirs'
Flavors: r-devel-linux-x86_64-debian-clang, r-devel-linux-x86_64-debian-gcc, r-devel-linux-x86_64-fedora-clang, r-devel-linux-x86_64-fedora-gcc, r-devel-windows-x86_64, r-devel-windows-x86_64-gcc10-UCRT, r-patched-linux-x86_64, r-patched-solaris-x86, r-release-linux-x86_64, r-release-macos-arm64, r-release-macos-x86_64, r-release-windows-ix86+x86_64, r-oldrel-macos-x86_64, r-oldrel-windows-ix86+x86_64

Version: 0.2-13
Check: dependencies in R code
Result: NOTE
    Unavailable namespace imported from by a ':::' call: 'kmndirs'
     See the note in ?`:::` about the use of this operator.
Flavors: r-devel-linux-x86_64-debian-clang, r-devel-linux-x86_64-debian-gcc, r-devel-linux-x86_64-fedora-clang, r-devel-linux-x86_64-fedora-gcc, r-devel-windows-x86_64, r-devel-windows-x86_64-gcc10-UCRT, r-patched-linux-x86_64, r-patched-solaris-x86, r-release-linux-x86_64, r-release-macos-arm64, r-release-macos-x86_64, r-release-windows-ix86+x86_64, r-oldrel-macos-x86_64, r-oldrel-windows-ix86+x86_64