Last updated on 2024-03-28 23:01:58 CET.
Flavor | Version | Tinstall | Tcheck | Ttotal | Status | Flags |
---|---|---|---|---|---|---|
r-devel-linux-x86_64-debian-clang | 1.6.2 | 215.77 | 113.30 | 329.07 | OK | |
r-devel-linux-x86_64-debian-gcc | 1.7.1 | 193.16 | 96.51 | 289.67 | OK | |
r-devel-linux-x86_64-fedora-clang | 1.7.1 | 472.74 | OK | |||
r-devel-linux-x86_64-fedora-gcc | 1.7.1 | 529.85 | OK | |||
r-devel-windows-x86_64 | 1.7.1 | 130.00 | 132.00 | 262.00 | OK | |
r-patched-linux-x86_64 | 1.7.1 | 220.12 | 129.44 | 349.56 | OK | |
r-release-linux-x86_64 | 1.6.2 | 237.72 | 123.48 | 361.20 | OK | |
r-release-macos-arm64 | 1.7.1 | 92.00 | NOTE | |||
r-release-macos-x86_64 | 1.7.1 | 160.00 | NOTE | |||
r-release-windows-x86_64 | 1.7.1 | 124.00 | 140.00 | 264.00 | OK | |
r-oldrel-macos-arm64 | 1.7.1 | 92.00 | NOTE | |||
r-oldrel-windows-x86_64 | 1.7.1 | 120.00 | 134.00 | 254.00 | OK |
Version: 1.7.1
Check: installed package size
Result: NOTE
installed size is 38.2Mb
sub-directories of 1Mb or more:
libs 37.6Mb
Flavors: r-release-macos-arm64, r-release-macos-x86_64, r-oldrel-macos-arm64