CRAN Package Check Results for Package skpr

Last updated on 2021-05-14 23:51:01 CEST.

Flavor Version Tinstall Tcheck Ttotal Status Flags
r-devel-linux-x86_64-debian-clang 0.64.2 170.95 186.10 357.05 NOTE
r-devel-linux-x86_64-debian-gcc 0.66.5 171.94 148.98 320.92 OK
r-devel-linux-x86_64-fedora-clang 0.66.5 468.99 NOTE
r-devel-linux-x86_64-fedora-gcc 0.66.5 569.26 OK
r-devel-windows-ix86+x86_64 0.66.5 405.00 338.00 743.00 OK
r-devel-windows-x86_64-gcc10-UCRT 0.66.5 OK
r-patched-linux-x86_64 0.66.5 204.22 195.26 399.48 OK
r-patched-solaris-x86 0.66.5 500.30 OK
r-release-linux-x86_64 0.66.5 194.18 187.96 382.14 OK
r-release-macos-x86_64 0.66.5 NOTE
r-release-windows-ix86+x86_64 0.64.2 261.00 385.00 646.00 OK
r-oldrel-macos-x86_64 0.66.5 NOTE
r-oldrel-windows-ix86+x86_64 0.66.5 325.00 253.00 578.00 OK

Check Details

Version: 0.64.2
Check: LazyData
Result: NOTE
     'LazyData' is specified without a 'data' directory
Flavor: r-devel-linux-x86_64-debian-clang

Version: 0.66.5
Check: installed package size
Result: NOTE
     installed size is 37.9Mb
     sub-directories of 1Mb or more:
     libs 36.3Mb
Flavors: r-devel-linux-x86_64-fedora-clang, r-release-macos-x86_64, r-oldrel-macos-x86_64