Last updated on 2023-09-22 23:05:12 CEST.
Flavor | Version | Tinstall | Tcheck | Ttotal | Status | Flags |
---|---|---|---|---|---|---|
r-devel-linux-x86_64-debian-clang | 1.4.3 | 10.89 | 113.34 | 124.23 | OK | |
r-devel-linux-x86_64-debian-gcc | 1.4.3 | 9.62 | 81.60 | 91.22 | OK | |
r-devel-linux-x86_64-fedora-clang | 1.4.3 | 148.45 | NOTE | |||
r-devel-linux-x86_64-fedora-gcc | 1.4.3 | 154.61 | NOTE | |||
r-devel-windows-x86_64 | 1.4.3 | 11.00 | 104.00 | 115.00 | OK | |
r-patched-linux-x86_64 | 1.4.3 | 10.93 | 105.95 | 116.88 | OK | |
r-release-linux-x86_64 | 1.4.3 | 7.32 | 105.46 | 112.78 | OK | |
r-release-macos-arm64 | 1.4.3 | 51.00 | OK | |||
r-release-macos-x86_64 | 1.4.3 | 81.00 | OK | |||
r-release-windows-x86_64 | 1.4.3 | 15.00 | 128.00 | 143.00 | OK | |
r-oldrel-macos-arm64 | 1.4.3 | 41.00 | NOTE | |||
r-oldrel-macos-x86_64 | 1.4.3 | 62.00 | NOTE | |||
r-oldrel-windows-x86_64 | 1.4.3 | 16.00 | 125.00 | 141.00 | OK |
Version: 1.4.3
Check: dependencies in R code
Result: NOTE
Namespace in Imports field not imported from: ‘maps’
All declared Imports should be used.
Flavors: r-devel-linux-x86_64-fedora-clang, r-devel-linux-x86_64-fedora-gcc, r-oldrel-macos-arm64, r-oldrel-macos-x86_64