CRAN Package Check Results for Package slider

Last updated on 2024-06-19 22:54:51 CEST.

Flavor Version Tinstall Tcheck Ttotal Status Flags
r-devel-linux-x86_64-debian-clang 0.3.1 10.69 123.99 134.68 OK
r-devel-linux-x86_64-debian-gcc 0.3.1 8.02 92.07 100.09 NOTE
r-devel-linux-x86_64-fedora-clang 0.3.1 180.16 NOTE
r-devel-linux-x86_64-fedora-gcc 0.3.1 180.18 NOTE
r-devel-windows-x86_64 0.3.1 16.00 112.00 128.00 NOTE
r-patched-linux-x86_64 0.3.1 12.24 117.73 129.97 OK
r-release-linux-x86_64 0.3.1 9.42 118.18 127.60 OK
r-release-macos-arm64 0.3.1 55.00 OK
r-release-macos-x86_64 0.3.1 102.00 OK
r-release-windows-x86_64 0.3.1 15.00 119.00 134.00 OK
r-oldrel-macos-arm64 0.3.1 60.00 OK
r-oldrel-macos-x86_64 0.3.1 146.00 OK
r-oldrel-windows-x86_64 0.3.1 17.00 137.00 154.00 OK

Check Details

Version: 0.3.1
Check: compiled code
Result: NOTE File ‘slider/libs/slider.so’: Found non-API call to R: ‘STRING_PTR’ Compiled code should not call non-API entry points in R. See ‘Writing portable packages’ in the ‘Writing R Extensions’ manual. Flavors: r-devel-linux-x86_64-debian-gcc, r-devel-linux-x86_64-fedora-clang, r-devel-linux-x86_64-fedora-gcc

Version: 0.3.1
Check: compiled code
Result: NOTE File 'slider/libs/x64/slider.dll': Found non-API call to R: 'STRING_PTR' Compiled code should not call non-API entry points in R. See 'Writing portable packages' in the 'Writing R Extensions' manual. Flavor: r-devel-windows-x86_64