CRAN Package Check Results for Package slideview

Last updated on 2021-05-16 22:50:07 CEST.

Flavor Version Tinstall Tcheck Ttotal Status Flags
r-devel-linux-x86_64-debian-clang 0.1.0 8.66 74.03 82.69 NOTE
r-devel-linux-x86_64-debian-gcc 0.1.0 6.57 58.15 64.72 NOTE
r-devel-linux-x86_64-fedora-clang 0.1.0 111.67 NOTE
r-devel-linux-x86_64-fedora-gcc 0.1.0 99.74 NOTE
r-devel-windows-ix86+x86_64 0.1.0 19.00 66.00 85.00 NOTE
r-devel-windows-x86_64-gcc10-UCRT 0.1.0 NOTE
r-patched-linux-x86_64 0.1.0 8.41 72.51 80.92 NOTE
r-patched-solaris-x86 0.1.0 147.30 NOTE
r-release-linux-x86_64 0.1.0 7.49 71.49 78.98 OK
r-release-macos-x86_64 0.1.0 NOTE
r-release-windows-ix86+x86_64 0.1.0 15.00 68.00 83.00 OK
r-oldrel-macos-x86_64 0.1.0 NOTE
r-oldrel-windows-ix86+x86_64 0.1.0 12.00 90.00 102.00 OK

Check Details

Version: 0.1.0
Check: LazyData
Result: NOTE
     'LazyData' is specified without a 'data' directory
Flavors: r-devel-linux-x86_64-debian-clang, r-devel-linux-x86_64-debian-gcc, r-devel-linux-x86_64-fedora-clang, r-devel-linux-x86_64-fedora-gcc, r-devel-windows-ix86+x86_64, r-devel-windows-x86_64-gcc10-UCRT, r-patched-linux-x86_64, r-patched-solaris-x86

Version: 0.1.0
Check: dependencies in R code
Result: NOTE
    Namespace in Imports field not imported from: ‘viridisLite’
     All declared Imports should be used.
Flavors: r-devel-linux-x86_64-fedora-clang, r-devel-linux-x86_64-fedora-gcc, r-devel-windows-x86_64-gcc10-UCRT, r-patched-solaris-x86, r-release-macos-x86_64, r-oldrel-macos-x86_64