CRAN Package Check Results for Package slippymath

Last updated on 2021-06-18 22:54:45 CEST.

Flavor Version Tinstall Tcheck Ttotal Status Flags
r-devel-linux-x86_64-debian-clang 0.3.1 2.72 35.90 38.62 NOTE
r-devel-linux-x86_64-debian-gcc 0.3.1 2.02 27.81 29.83 NOTE
r-devel-linux-x86_64-fedora-clang 0.3.1 56.74 NOTE
r-devel-linux-x86_64-fedora-gcc 0.3.1 45.10 NOTE
r-devel-windows-x86_64 0.3.1 4.00 55.00 59.00 NOTE
r-devel-windows-x86_64-gcc10-UCRT 0.3.1 NOTE
r-patched-linux-x86_64 0.3.1 2.44 34.35 36.79 NOTE
r-patched-solaris-x86 0.3.1 67.70 NOTE
r-release-linux-x86_64 0.3.1 2.31 34.73 37.04 NOTE
r-release-macos-arm64 0.3.1 NOTE
r-release-macos-x86_64 0.3.1 NOTE
r-release-windows-ix86+x86_64 0.3.1 5.00 60.00 65.00 NOTE
r-oldrel-macos-x86_64 0.3.1 OK
r-oldrel-windows-ix86+x86_64 0.3.1 5.00 55.00 60.00 OK

Check Details

Version: 0.3.1
Check: LazyData
Result: NOTE
     'LazyData' is specified without a 'data' directory
Flavors: r-devel-linux-x86_64-debian-clang, r-devel-linux-x86_64-debian-gcc, r-devel-linux-x86_64-fedora-clang, r-devel-linux-x86_64-fedora-gcc, r-devel-windows-x86_64, r-devel-windows-x86_64-gcc10-UCRT, r-patched-linux-x86_64, r-patched-solaris-x86, r-release-linux-x86_64, r-release-macos-arm64, r-release-macos-x86_64, r-release-windows-ix86+x86_64