Last updated on 2024-04-22 23:10:05 CEST.
Flavor | Version | Tinstall | Tcheck | Ttotal | Status | Flags |
---|---|---|---|---|---|---|
r-devel-linux-x86_64-debian-clang | 0.3.1 | 2.34 | 62.44 | 64.78 | NOTE | |
r-devel-linux-x86_64-debian-gcc | 0.3.1 | 2.11 | 43.76 | 45.87 | NOTE | |
r-devel-linux-x86_64-fedora-clang | 0.3.1 | 81.78 | NOTE | |||
r-devel-linux-x86_64-fedora-gcc | 0.3.1 | 91.68 | NOTE | |||
r-prerel-macos-arm64 | 0.3.1 | 36.00 | NOTE | |||
r-prerel-windows-x86_64 | 0.3.1 | 3.00 | 70.00 | 73.00 | NOTE | |
r-patched-linux-x86_64 | 0.3.1 | 2.97 | 54.64 | 57.61 | NOTE | |
r-release-linux-x86_64 | 0.3.1 | 2.45 | 57.56 | 60.01 | NOTE | |
r-release-macos-arm64 | 0.3.1 | 35.00 | NOTE | |||
r-release-macos-x86_64 | 0.3.1 | 52.00 | NOTE | |||
r-release-windows-x86_64 | 0.3.1 | 4.00 | 76.00 | 80.00 | NOTE | |
r-oldrel-macos-arm64 | 0.3.1 | 25.00 | NOTE | |||
r-oldrel-windows-x86_64 | 0.3.1 | 4.00 | 79.00 | 83.00 | NOTE |
Version: 0.3.1
Check: LazyData
Result: NOTE
'LazyData' is specified without a 'data' directory
Flavors: r-devel-linux-x86_64-debian-clang, r-devel-linux-x86_64-debian-gcc, r-devel-linux-x86_64-fedora-clang, r-devel-linux-x86_64-fedora-gcc, r-prerel-macos-arm64, r-prerel-windows-x86_64, r-patched-linux-x86_64, r-release-linux-x86_64, r-release-macos-arm64, r-release-macos-x86_64, r-release-windows-x86_64, r-oldrel-macos-arm64, r-oldrel-windows-x86_64