CRAN Package Check Results for Package slopeOP

Last updated on 2021-07-31 22:53:50 CEST.

Flavor Version Tinstall Tcheck Ttotal Status Flags
r-devel-linux-x86_64-debian-clang 1.0.1 36.56 27.31 63.87 NOTE
r-devel-linux-x86_64-debian-gcc 1.0.1 21.97 21.55 43.52 NOTE
r-devel-linux-x86_64-fedora-clang 1.0.1 98.22 NOTE
r-devel-linux-x86_64-fedora-gcc 1.0.1 79.02 NOTE
r-devel-windows-x86_64 1.0.1 37.00 51.00 88.00 NOTE
r-devel-windows-x86_64-gcc10-UCRT 1.0.1 NOTE
r-patched-linux-x86_64 1.0.1 NOTE
r-patched-solaris-x86 1.0.1 88.10 NOTE
r-release-linux-x86_64 1.0.1 28.46 26.86 55.32 NOTE
r-release-macos-arm64 1.0.1 NOTE
r-release-macos-x86_64 1.0.1 NOTE
r-release-windows-ix86+x86_64 1.0.1 84.00 54.00 138.00 NOTE
r-oldrel-macos-x86_64 1.0.1 OK
r-oldrel-windows-ix86+x86_64 1.0.1 62.00 72.00 134.00 OK

Check Details

Version: 1.0.1
Check: LazyData
Result: NOTE
     'LazyData' is specified without a 'data' directory
Flavors: r-devel-linux-x86_64-debian-clang, r-devel-linux-x86_64-debian-gcc, r-devel-linux-x86_64-fedora-clang, r-devel-linux-x86_64-fedora-gcc, r-devel-windows-x86_64, r-devel-windows-x86_64-gcc10-UCRT, r-patched-linux-x86_64, r-patched-solaris-x86, r-release-linux-x86_64, r-release-macos-arm64, r-release-macos-x86_64, r-release-windows-ix86+x86_64