CRAN Package Check Results for Package slowraker

Last updated on 2021-12-01 22:53:25 CET.

Flavor Version Tinstall Tcheck Ttotal Status Flags
r-devel-linux-x86_64-debian-clang 0.1.1 1.93 87.35 89.28 OK
r-devel-linux-x86_64-debian-gcc 0.1.1 1.80 68.77 70.57 OK
r-devel-linux-x86_64-fedora-clang 0.1.1 108.57 NOTE
r-devel-linux-x86_64-fedora-gcc 0.1.1 113.67 NOTE
r-devel-windows-x86_64-new-UL 0.1.1 7.00 126.00 133.00 OK
r-devel-windows-x86_64-new-TK 0.1.1 NOTE
r-devel-windows-x86_64-old 0.1.1 4.00 92.00 96.00 OK
r-patched-linux-x86_64 0.1.1 2.21 84.94 87.15 OK
r-patched-solaris-x86 0.1.1 103.80 NOTE
r-release-linux-x86_64 0.1.1 2.14 86.83 88.97 OK
r-release-macos-arm64 0.1.1 NOTE
r-release-macos-x86_64 0.1.1 NOTE
r-release-windows-ix86+x86_64 0.1.1 5.00 104.00 109.00 OK
r-oldrel-macos-x86_64 0.1.1 NOTE
r-oldrel-windows-ix86+x86_64 0.1.1 7.00 82.00 89.00 OK

Check Details

Version: 0.1.1
Check: data for non-ASCII characters
Result: NOTE
     Note: found 2 marked Latin-1 strings
Flavors: r-devel-linux-x86_64-fedora-clang, r-devel-linux-x86_64-fedora-gcc, r-devel-windows-x86_64-new-TK, r-patched-solaris-x86, r-release-macos-arm64, r-release-macos-x86_64, r-oldrel-macos-x86_64