Last updated on 2024-04-24 23:00:35 CEST.
Flavor | Version | Tinstall | Tcheck | Ttotal | Status | Flags |
---|---|---|---|---|---|---|
r-devel-linux-x86_64-debian-clang | 2.0.0 | 9.21 | 178.60 | 187.81 | NOTE | |
r-devel-linux-x86_64-debian-gcc | 2.0.0 | 9.02 | 128.93 | 137.95 | NOTE | |
r-devel-linux-x86_64-fedora-clang | 2.0.0 | 234.64 | NOTE | |||
r-devel-linux-x86_64-fedora-gcc | 2.0.0 | 246.09 | NOTE | |||
r-devel-windows-x86_64 | 2.0.0 | 10.00 | 126.00 | 136.00 | NOTE | |
r-patched-linux-x86_64 | 2.0.0 | 6.57 | 170.23 | 176.80 | NOTE | |
r-release-linux-x86_64 | 2.0.0 | 6.26 | 163.15 | 169.41 | NOTE | |
r-release-macos-arm64 | 2.0.0 | 76.00 | NOTE | |||
r-release-windows-x86_64 | 2.0.0 | 10.00 | 126.00 | 136.00 | NOTE | |
r-oldrel-macos-arm64 | 2.0.0 | 68.00 | NOTE | |||
r-oldrel-macos-x86_64 | 2.0.0 | 152.00 | NOTE | |||
r-oldrel-windows-x86_64 | 2.0.0 | 13.00 | 161.00 | 174.00 | NOTE |
Version: 2.0.0
Check: package dependencies
Result: NOTE
Package suggested but not available for checking: ‘gurobi’
Flavors: r-devel-linux-x86_64-debian-clang, r-devel-linux-x86_64-debian-gcc, r-devel-linux-x86_64-fedora-clang, r-devel-linux-x86_64-fedora-gcc, r-devel-windows-x86_64, r-patched-linux-x86_64, r-release-linux-x86_64, r-release-macos-arm64, r-release-windows-x86_64, r-oldrel-macos-arm64, r-oldrel-macos-x86_64, r-oldrel-windows-x86_64