CRAN Package Check Results for Package smam

Last updated on 2019-10-16 22:56:11 CEST.

Flavor Version Tinstall Tcheck Ttotal Status Flags
r-devel-linux-x86_64-debian-clang 0.4.0 45.97 40.11 86.08 NOTE
r-devel-linux-x86_64-debian-gcc 0.4.0 35.87 31.58 67.45 NOTE
r-devel-linux-x86_64-fedora-clang 0.4.0 131.80 NOTE
r-devel-linux-x86_64-fedora-gcc 0.4.0 123.38 NOTE
r-devel-windows-ix86+x86_64 0.4.0 133.00 72.00 205.00 NOTE
r-patched-linux-x86_64 0.4.0 36.87 39.36 76.23 NOTE
r-patched-solaris-x86 0.4.0 127.40 NOTE
r-release-linux-x86_64 0.4.0 37.58 40.05 77.63 NOTE
r-release-windows-ix86+x86_64 0.4.0 95.00 113.00 208.00 NOTE
r-release-osx-x86_64 0.4.0 NOTE
r-oldrel-windows-ix86+x86_64 0.4.0 82.00 74.00 156.00 NOTE
r-oldrel-osx-x86_64 0.4.0 NOTE

Check Details

Version: 0.4.0
Check: for GNU extensions in Makefiles
Result: NOTE
    GNU make is a SystemRequirements.
Flavors: r-devel-linux-x86_64-debian-clang, r-devel-linux-x86_64-debian-gcc, r-devel-linux-x86_64-fedora-clang, r-devel-linux-x86_64-fedora-gcc, r-devel-windows-ix86+x86_64, r-patched-linux-x86_64, r-patched-solaris-x86, r-release-linux-x86_64, r-release-windows-ix86+x86_64, r-release-osx-x86_64, r-oldrel-windows-ix86+x86_64, r-oldrel-osx-x86_64