CRAN Package Check Results for Package smam

Last updated on 2019-07-16 07:51:05 CEST.

Flavor Version Tinstall Tcheck Ttotal Status Flags
r-devel-linux-x86_64-debian-clang 0.4.0 41.95 40.32 82.27 NOTE
r-devel-linux-x86_64-debian-gcc 0.4.0 33.23 32.30 65.53 NOTE
r-devel-linux-x86_64-fedora-clang 0.4.0 124.68 NOTE
r-devel-linux-x86_64-fedora-gcc 0.4.0 118.62 NOTE
r-devel-windows-ix86+x86_64 0.4.0 123.00 76.00 199.00 NOTE
r-patched-linux-x86_64 0.4.0 42.31 40.49 82.80 NOTE
r-patched-solaris-x86 0.4.0 132.70 NOTE
r-release-linux-x86_64 0.4.0 37.93 40.45 78.38 NOTE
r-release-windows-ix86+x86_64 0.4.0 96.00 100.00 196.00 NOTE
r-release-osx-x86_64 0.4.0 NOTE
r-oldrel-windows-ix86+x86_64 0.4.0 116.00 74.00 190.00 NOTE
r-oldrel-osx-x86_64 0.4.0 NOTE

Check Details

Version: 0.4.0
Check: for GNU extensions in Makefiles
Result: NOTE
    GNU make is a SystemRequirements.
Flavors: r-devel-linux-x86_64-debian-clang, r-devel-linux-x86_64-debian-gcc, r-devel-linux-x86_64-fedora-clang, r-devel-linux-x86_64-fedora-gcc, r-devel-windows-ix86+x86_64, r-patched-linux-x86_64, r-patched-solaris-x86, r-release-linux-x86_64, r-release-windows-ix86+x86_64, r-release-osx-x86_64, r-oldrel-windows-ix86+x86_64, r-oldrel-osx-x86_64