Last updated on 2024-03-27 22:58:00 CET.
Flavor | Version | Tinstall | Tcheck | Ttotal | Status | Flags |
---|---|---|---|---|---|---|
r-devel-linux-x86_64-debian-clang | 1.0.3 | 2.18 | 178.52 | 180.70 | NOTE | |
r-devel-linux-x86_64-debian-gcc | 1.0.3 | 1.66 | 109.35 | 111.01 | NOTE | |
r-devel-linux-x86_64-fedora-clang | 1.0.3 | 203.97 | NOTE | |||
r-devel-linux-x86_64-fedora-gcc | 1.0.3 | 213.69 | NOTE | |||
r-devel-windows-x86_64 | 1.0.3 | 3.00 | 113.00 | 116.00 | NOTE | |
r-patched-linux-x86_64 | 1.0.3 | 1.90 | 162.75 | 164.65 | NOTE | |
r-release-linux-x86_64 | 1.0.3 | 2.17 | 164.52 | 166.69 | NOTE | |
r-release-macos-arm64 | 1.0.3 | 60.00 | NOTE | |||
r-release-macos-x86_64 | 1.0.3 | 98.00 | NOTE | |||
r-release-windows-x86_64 | 1.0.3 | 3.00 | 138.00 | 141.00 | NOTE | |
r-oldrel-macos-arm64 | 1.0.3 | 47.00 | NOTE | |||
r-oldrel-windows-x86_64 | 1.0.3 | 4.00 | 138.00 | 142.00 | NOTE |
Version: 1.0.3
Check: LazyData
Result: NOTE
'LazyData' is specified without a 'data' directory
Flavors: r-devel-linux-x86_64-debian-clang, r-devel-linux-x86_64-debian-gcc, r-devel-linux-x86_64-fedora-clang, r-devel-linux-x86_64-fedora-gcc, r-devel-windows-x86_64, r-patched-linux-x86_64, r-release-linux-x86_64, r-release-macos-arm64, r-release-macos-x86_64, r-release-windows-x86_64, r-oldrel-macos-arm64, r-oldrel-windows-x86_64