Last updated on 2023-09-28 23:08:59 CEST.
Flavor | Version | Tinstall | Tcheck | Ttotal | Status | Flags |
---|---|---|---|---|---|---|
r-devel-linux-x86_64-debian-clang | 0.6.6 | 2.73 | 33.24 | 35.97 | NOTE | |
r-devel-linux-x86_64-debian-gcc | 0.6.6 | 2.13 | 25.73 | 27.86 | NOTE | |
r-devel-linux-x86_64-fedora-clang | 0.6.6 | 45.90 | NOTE | |||
r-devel-linux-x86_64-fedora-gcc | 0.6.6 | 55.84 | NOTE | |||
r-devel-windows-x86_64 | 0.6.6 | 5.00 | 50.00 | 55.00 | NOTE | |
r-patched-linux-x86_64 | 0.6.6 | 3.27 | 29.42 | 32.69 | NOTE | |
r-release-linux-x86_64 | 0.6.6 | 2.56 | 30.48 | 33.04 | NOTE | |
r-release-macos-arm64 | 0.6.6 | 26.00 | NOTE | |||
r-release-macos-x86_64 | 0.6.6 | 35.00 | NOTE | |||
r-release-windows-x86_64 | 0.6.6 | 4.00 | 50.00 | 54.00 | NOTE | |
r-oldrel-macos-arm64 | 0.6.6 | 23.00 | NOTE | |||
r-oldrel-macos-x86_64 | 0.6.6 | 26.00 | NOTE | |||
r-oldrel-windows-x86_64 | 0.6.6 | 6.00 | 52.00 | 58.00 | NOTE |
Version: 0.6.6
Check: LazyData
Result: NOTE
'LazyData' is specified without a 'data' directory
Flavors: r-devel-linux-x86_64-debian-clang, r-devel-linux-x86_64-debian-gcc, r-devel-linux-x86_64-fedora-clang, r-devel-linux-x86_64-fedora-gcc, r-devel-windows-x86_64, r-patched-linux-x86_64, r-release-linux-x86_64, r-release-macos-arm64, r-release-macos-x86_64, r-release-windows-x86_64, r-oldrel-macos-arm64, r-oldrel-macos-x86_64, r-oldrel-windows-x86_64
Version: 0.6.6
Check: dependencies in R code
Result: NOTE
Namespace in Imports field not imported from: ‘methods’
All declared Imports should be used.
Flavors: r-devel-linux-x86_64-fedora-clang, r-devel-linux-x86_64-fedora-gcc, r-oldrel-macos-x86_64