CRAN Package Check Results for Package smdocker

Last updated on 2024-02-23 23:10:19 CET.

Flavor Version Tinstall Tcheck Ttotal Status Flags
r-devel-linux-x86_64-debian-clang 0.1.4 NOTE
r-devel-linux-x86_64-debian-gcc 0.1.4 3.09 31.47 34.56 NOTE
r-devel-linux-x86_64-fedora-clang 0.1.4 56.63 OK
r-devel-linux-x86_64-fedora-gcc 0.1.4 53.76 OK
r-devel-windows-x86_64 0.1.4 5.00 56.00 61.00 OK
r-patched-linux-x86_64 0.1.4 3.36 40.99 44.35 OK
r-release-linux-x86_64 0.1.4 2.70 40.54 43.24 OK
r-release-macos-arm64 0.1.4 26.00 OK
r-release-macos-x86_64 0.1.4 38.00 OK
r-release-windows-x86_64 0.1.4 6.00 62.00 68.00 OK
r-oldrel-macos-arm64 0.1.4 31.00 OK
r-oldrel-windows-x86_64 0.1.4 7.00 82.00 89.00 OK

Check Details

Version: 0.1.4
Check: Rd files
Result: NOTE checkRd: (-1) smdocker_log.Rd:34: Lost braces in \itemize; meant \describe ? checkRd: (-1) smdocker_log.Rd:35-37: Lost braces in \itemize; meant \describe ? checkRd: (-1) smdocker_log.Rd:38: Lost braces in \itemize; meant \describe ? checkRd: (-1) smdocker_log.Rd:16: Lost braces in \itemize; meant \describe ? checkRd: (-1) smdocker_log.Rd:17: Lost braces in \itemize; meant \describe ? checkRd: (-1) smdocker_log.Rd:18: Lost braces in \itemize; meant \describe ? checkRd: (-1) smdocker_log.Rd:19: Lost braces in \itemize; meant \describe ? Flavors: r-devel-linux-x86_64-debian-clang, r-devel-linux-x86_64-debian-gcc