CRAN Package Check Results for Package smile

Last updated on 2023-09-24 22:59:52 CEST.

Flavor Version Tinstall Tcheck Ttotal Status Flags
r-devel-linux-x86_64-debian-clang 1.0.4.1 55.29 151.48 206.77 NOTE
r-devel-linux-x86_64-debian-gcc 1.0.4.1 45.68 114.23 159.91 NOTE
r-devel-linux-x86_64-fedora-clang 1.0.4.1 279.28 NOTE
r-devel-linux-x86_64-fedora-gcc 1.0.4.1 289.99 NOTE
r-devel-windows-x86_64 1.0.4.1 52.00 158.00 210.00 NOTE
r-patched-linux-x86_64 1.0.4.1 64.81 145.06 209.87 NOTE
r-release-linux-x86_64 1.0.4.1 56.80 148.61 205.41 NOTE
r-release-macos-arm64 1.0.4.1 89.00 NOTE
r-release-macos-x86_64 1.0.4.1 143.00 NOTE
r-release-windows-x86_64 1.0.4.1 65.00 186.00 251.00 NOTE
r-oldrel-macos-arm64 1.0.4.1 74.00 NOTE
r-oldrel-macos-x86_64 1.0.4.1 110.00 NOTE
r-oldrel-windows-x86_64 1.0.4.1 62.00 166.00 228.00 NOTE

Check Details

Version: 1.0.4.1
Check: C++ specification
Result: NOTE
     Specified C++11: please drop specification unless essential
Flavors: r-devel-linux-x86_64-debian-clang, r-devel-linux-x86_64-debian-gcc, r-devel-linux-x86_64-fedora-clang, r-devel-linux-x86_64-fedora-gcc, r-devel-windows-x86_64, r-patched-linux-x86_64, r-release-linux-x86_64, r-release-macos-arm64, r-release-macos-x86_64, r-release-windows-x86_64

Version: 1.0.4.1
Check: Rd \usage sections
Result: NOTE
    Documented arguments not in \usage in documentation object 'aux_cs':
     ‘dists’
    
    Documented arguments not in \usage in documentation object 'aux_gauss':
     ‘dists’
    
    Documented arguments not in \usage in documentation object 'aux_gw':
     ‘dists’
    
    Documented arguments not in \usage in documentation object 'aux_mat':
     ‘mat_list1’ ‘mat_list2’ ‘x’ ‘y’ ‘return_single’
    
    Documented arguments not in \usage in documentation object 'aux_matern':
     ‘dists’
    
    Documented arguments not in \usage in documentation object 'aux_pexp':
     ‘dists’
    
    Documented arguments not in \usage in documentation object 'aux_spher':
     ‘dists’
    
    Documented arguments not in \usage in documentation object 'aux_tapmat':
     ‘dists’
    
    Functions with \usage entries need to have the appropriate \alias
    entries, and all their arguments documented.
    The \usage entries must correspond to syntactically valid R code.
    See chapter ‘Writing R documentation files’ in the ‘Writing R
    Extensions’ manual.
Flavors: r-devel-linux-x86_64-debian-clang, r-devel-linux-x86_64-debian-gcc, r-devel-linux-x86_64-fedora-clang, r-devel-linux-x86_64-fedora-gcc, r-devel-windows-x86_64

Version: 1.0.4.1
Check: installed package size
Result: NOTE
     installed size is 5.5Mb
     sub-directories of 1Mb or more:
     data 4.4Mb
Flavors: r-devel-linux-x86_64-fedora-clang, r-devel-windows-x86_64, r-release-macos-arm64, r-release-macos-x86_64, r-release-windows-x86_64, r-oldrel-macos-arm64, r-oldrel-macos-x86_64, r-oldrel-windows-x86_64