Last updated on 2023-09-25 22:12:51 CEST.
Flavor | Version | Tinstall | Tcheck | Ttotal | Status | Flags |
---|---|---|---|---|---|---|
r-devel-linux-x86_64-debian-clang | 2.1.0 | 66.29 | 78.64 | 144.93 | NOTE | |
r-devel-linux-x86_64-debian-gcc | 2.1.0 | 48.07 | 57.07 | 105.14 | NOTE | |
r-devel-linux-x86_64-fedora-clang | 2.1.0 | 198.66 | NOTE | |||
r-devel-linux-x86_64-fedora-gcc | 2.1.0 | 196.24 | NOTE | |||
r-devel-windows-x86_64 | 2.1.0 | 50.00 | 105.00 | 155.00 | NOTE | |
r-patched-linux-x86_64 | 2.1.0 | 46.78 | 74.33 | 121.11 | NOTE | |
r-release-linux-x86_64 | 2.1.0 | 46.51 | 72.73 | 119.24 | NOTE | |
r-release-macos-arm64 | 2.1.0 | 53.00 | NOTE | |||
r-release-macos-x86_64 | 2.1.0 | 88.00 | NOTE | |||
r-release-windows-x86_64 | 2.1.0 | 67.00 | 118.00 | 185.00 | NOTE | |
r-oldrel-macos-arm64 | 2.1.0 | 47.00 | NOTE | |||
r-oldrel-macos-x86_64 | 2.1.0 | 77.00 | NOTE | |||
r-oldrel-windows-x86_64 | 2.1.0 | 63.00 | 110.00 | 173.00 | NOTE |
Version: 2.1.0
Check: LazyData
Result: NOTE
'LazyData' is specified without a 'data' directory
Flavors: r-devel-linux-x86_64-debian-clang, r-devel-linux-x86_64-debian-gcc, r-devel-linux-x86_64-fedora-clang, r-devel-linux-x86_64-fedora-gcc, r-devel-windows-x86_64, r-patched-linux-x86_64, r-release-linux-x86_64, r-release-macos-arm64, r-release-macos-x86_64, r-release-windows-x86_64, r-oldrel-macos-arm64, r-oldrel-macos-x86_64, r-oldrel-windows-x86_64
Version: 2.1.0
Check: dependencies in R code
Result: NOTE
Namespaces in Imports field not imported from:
‘Rdpack’ ‘rmarkdown’
All declared Imports should be used.
Flavors: r-devel-linux-x86_64-fedora-clang, r-devel-linux-x86_64-fedora-gcc, r-oldrel-macos-arm64, r-oldrel-macos-x86_64