Last updated on 2022-08-11 23:00:14 CEST.
Flavor | Version | Tinstall | Tcheck | Ttotal | Status | Flags |
---|---|---|---|---|---|---|
r-devel-linux-x86_64-debian-clang | 0.2.2 | 26.39 | 311.03 | 337.42 | OK | |
r-devel-linux-x86_64-debian-gcc | 0.2.2 | 23.32 | 230.26 | 253.58 | OK | |
r-devel-linux-x86_64-fedora-clang | 0.2.2 | 423.30 | NOTE | |||
r-devel-linux-x86_64-fedora-gcc | 0.2.2 | 408.32 | NOTE | |||
r-devel-windows-x86_64 | 0.2.2 | 36.00 | 309.00 | 345.00 | OK | |
r-patched-linux-x86_64 | 0.2.2 | 27.91 | 302.61 | 330.52 | OK | |
r-release-linux-x86_64 | 0.2.2 | 28.33 | 304.25 | 332.58 | OK | |
r-release-macos-arm64 | 0.2.2 | 80.00 | NOTE | |||
r-release-macos-x86_64 | 0.2.2 | 123.00 | NOTE | |||
r-release-windows-x86_64 | 0.2.2 | 41.00 | 315.00 | 356.00 | OK | |
r-oldrel-macos-arm64 | 0.2.2 | 50.00 | NOTE | |||
r-oldrel-macos-x86_64 | 0.2.2 | 61.00 | NOTE | |||
r-oldrel-windows-ix86+x86_64 | 0.2.2 | 60.00 | 304.00 | 364.00 | OK |
Version: 0.2.2
Check: dependencies in R code
Result: NOTE
Namespaces in Imports field not imported from:
‘methods’ ‘rgeos’
All declared Imports should be used.
Flavors: r-devel-linux-x86_64-fedora-clang, r-devel-linux-x86_64-fedora-gcc, r-release-macos-arm64, r-release-macos-x86_64, r-oldrel-macos-arm64, r-oldrel-macos-x86_64